-- https://www.phpmyadmin.net/
--
-- Servidor: 127.0.0.1:3306
-- Tiempo de generación: 19-09-2025 a las 15:38:15
-- Versión del servidor: 9.1.0
-- Versión de PHP: 8.3.14

START TRANSACTION;



--
-- Base de datos: `scalia_inventario`
--

-- --------------------------------------------------------

--
-- Estructura de tabla para la tabla `clients`
--

CREATE TABLE IF NOT EXISTS `clients` (
  `id` int NOT NULL AUTO_INCREMENT,
  `name` varchar(160) NOT NULL,
  `company` varchar(200) DEFAULT NULL,
  `email` varchar(160) DEFAULT NULL,
  `phone` varchar(50) DEFAULT NULL,
  `address` varchar(255) DEFAULT NULL,
  `province_state` varchar(120) DEFAULT NULL,
  `postal_code` varchar(20) DEFAULT NULL,
  `created_at` timestamp NOT NULL DEFAULT CURRENT_TIMESTAMP,
  PRIMARY KEY (`id`)
) ENGINE=InnoDB AUTO_INCREMENT=240 DEFAULT CHARSET=latin1;

--
-- Volcado de datos para la tabla `clients`
--

INSERT INTO `clients` (`id`, `name`, `company`, `email`, `phone`, `address`, `province_state`, `postal_code`, `created_at`) VALUES
(1, 'SCALIA SECURITY & WELLNESS INTEGRATION', 'SCALIA SECURITY & WELLNESS INTEGRATION', '', '2224093146', 'CALLE VERACRUZ NUMERO 5965-6 Col. El cerrito', 'PUEBLA', '72440', '2025-09-19 03:53:58'),
(2, 'DOMICILIO SR. JOSÉ FLORES ARMINIO Y SRA. ANA LO', 'DOMICILIO SR. JOSÉ FLORES ARMINIO Y SRA. ANA LO', 'analorevelasco@yahoo.com.mx', '2222856576 ALARMA', 'CARRIL A MORILLOTLA 3414-6, COL. EMILIANO ZAPATA', 'SAN ANDRES CHOLULA', '72824', '2025-09-19 03:53:58'),
(3, 'DOMICILIO SR. RAFAEL FLORES ARMINIO', 'DOMICILIO SR. RAFAEL FLORES ARMINIO', 'marisoldiazprieto@yahoo.com.mx', '2229471984', 'CARRIL A MORILLOTLA NUMERO 3414, COL. EMILIANO ZAPATA', 'SAN ANDRES CHOLULA', '72824', '2025-09-19 03:53:58'),
(4, 'DOMICILIO ING JOSÉ ANTONIO GARMENDIA DOMÍNGUEZ', 'DOMICILIO ING JOSÉ ANTONIO GARMENDIA DOMÍNGUEZ', 'jagarmendiad@msn.com', '2222845475', 'BOULEVARD LA CONCEPCIÓN NORTE, NÚMERO 11, FRACCIONAMIENTO CONCEPCIÓN ZAVALETA', 'PUEBLA', '72176', '2025-09-19 03:53:58'),
(5, 'CONSULTORIOS BN', 'CONSULTORIOS BN', 'consultoriosbn@housingmx.com', '222 232 7013 ALARMA', '19 NORTE 1207 INT. 1,2,3 COL. SAN MIGUELITO', 'PUEBLA', '72090', '2025-09-19 03:53:58'),
(6, 'ROTO CRISTALES Y PARTES SA DE CV', 'ROTO CRISTALES Y PARTES SA DE CV', 'gerencia_puebla@roto.com.mx', '2222436664 ALARMA', '23 PONIENTE No. 1508 COL. BARRIO DE SANTIAGO', 'PUEBLA', '72410', '2025-09-19 03:53:58'),
(7, 'CLÍNICA OES DRA. GUADALUPE MORENO VALLE', 'CLÍNICA OES DRA. GUADALUPE MORENO VALLE', 'dra_lupina2@hotmail.com', '222 248 5016 ALARMA', 'PRIVADA 29-C SUR NÚMERO 3302 COL.EL VERGEL, PUEBLA', 'PUEBLA', '72400', '2025-09-19 03:53:58'),
(8, 'DOMICILIO MANUEL GANCEDO DEL RÍO', 'DOMICILIO MANUEL GANCEDO DEL RÍO', 'mgancedo@gmail.com', '2222371829 ALARMA', 'CALLE 15 PONIENTE 1105, COLONIA SANTIAGO', 'PUEBLA', '72410', '2025-09-19 03:53:58'),
(9, 'DOMICILIO SEÑORA MARÍA ISABEL PENSADO ORTIZ', 'DOMICILIO SEÑORA MARÍA ISABEL PENSADO ORTIZ', '', '2222247360', 'CALLE PASEO DEL BOSQUE 31, FRACCIONAMIENTO CAMPESTRE DEL BOSQUE', 'PUEBLA', '72115', '2025-09-19 03:53:58'),
(10, 'DOMICILIO ALEJANDRO KASUSKY FLORES', 'DOMICILIO ALEJANDRO KASUSKY FLORES', 'emeliazeron@gmail.com', '2222311521 ALARMA', '51 PONIENTE NÚMERO 5102-A COLONIA ESTRELLAS DEL SUR', 'PUEBLA', '72190', '2025-09-19 03:53:58'),
(11, 'CONSULTORIO MÉDICO ALTA ESPECIALIDAD LOS PILARES', 'CONSULTORIO MÉDICO ALTA ESPECIALIDAD LOS PILARES', 'dr.octavio.h@gmail.com', '2222331868 ALARMA', 'CALLE GUADALUPE NORTE NÚMERO 9 COLONIA UNIDAD GUADALUPE', 'PUEBLA', '72560', '2025-09-19 03:53:58'),
(12, 'DOMICILIO MANUEL DIEGO RUANOVA', 'DOMICILIO MANUEL DIEGO RUANOVA', 'manuel@falanx.com.mx', '2222835589 TEL. CASA', 'CALLE CIRCUITO LOS ENCINOS NÚMERO 62, FRACCIONAMIENTO LOS ENCINOS , SAN ANDRÉS CHOLULA, PUEBLA ,', 'SAN ANDRES CHOLULA', '72810', '2025-09-19 03:53:58'),
(13, 'DOMICILIO ANA FORT RIOS', 'DOMICILIO ANA FORT RIOS', 'anafort1941@gmail.com', '2222407749 ALARMA', '7 SUR,2115, COLONIA CENTRO, PUEBLA PUE,', 'PUEBLA', '72000', '2025-09-19 03:53:58'),
(14, 'GRUPO TELNET', 'GRUPO TELNET', 'jmanuel@grupotelnet.com.mx', '2227980944 ALARMA', 'AV. JUAREZ 2924- PISO-4 DESPACHO 405, 102 Y 102A, COL. LA PAZ', 'PUEBLA', '72160', '2025-09-19 03:53:58'),
(15, 'DOMICILIO HEINZ ERWIN POLO FELDMANN', 'DOMICILIO HEINZ ERWIN POLO FELDMANN', 'epolo69@hotmail.com', '2222962748 ALARMA', 'BOULEVARD CONCEPCIÓN SUR No. 105 COLONIA BUENA VISTA, PUEBLA, PUEBLA,', 'PUEBLA', '72176', '2025-09-19 03:53:58'),
(16, 'DOMICILIO JOSÉ EDUARDO SOLANA ESPEZZIA', 'DOMICILIO JOSÉ EDUARDO SOLANA ESPEZZIA', 'edith.aida62@gmail.com', '2222857153', 'CERRADA LA FORTUNA, No. 25, COLONIA EMILIANO ZAPATA , SAN ANDRÉS CHOLULA, PUEBLA,', 'SAN ANDRES CHOLULA', '72810', '2025-09-19 03:53:58'),
(17, 'DOMICILIO GUILLERMINA CARPENTER', 'DOMICILIO GUILLERMINA CARPENTER', 'gaby_130764@hotmail.com', '2222484226', 'CALLE CHOLULA NUMERO 13 COLONIA LA PAZ, PUEBLA, PUEBLA', 'PUEBLA', '72805', '2025-09-19 03:53:58'),
(18, 'DOMICILIO GEMA ARMINIO DE FLORES', 'DOMICILIO GEMA ARMINIO DE FLORES', 'gema.arminio@hotmail.com', '2222455689 ALARMA', 'AVENIDA 31 ORIENTE No 2017 COLONIA EL MIRADOR , PUEBLA PUEBLA,', 'PUEBLA', '72530', '2025-09-19 03:53:58'),
(19, 'DOMICILIO SRA MARIA EUGENIA IBARRARAN VINIEGRA', 'DOMICILIO SRA MARIA EUGENIA IBARRARAN VINIEGRA', 'gusperleo@hotmail.com', '2222255207 ALARMA', 'CALLE CARRETAS NUMERO 10 COLONIA RESIDENCIAL TORRECILLAS, SAN PEDRO CHOLULA PUEBLA,', 'SAN PEDRO CHOLULA', '72775', '2025-09-19 03:53:58'),
(20, '(P1) INGENIERIA MOVIMIENTO Y MONTAJES SOLEDAD', '(P1) INGENIERIA MOVIMIENTO Y MONTAJES SOLEDAD', 'carloss0808@hotmail.com', '2222812195', 'AVENIDA VALSEQUILLO NUMERO 1051 COLONIA SAN FRANCISCO TOTIMEHUACAN , PUEBLA PUEBLA,', 'PUEBLA', '72960', '2025-09-19 03:53:58'),
(21, 'CODIPSA PUEBLA', 'CODIPSA PUEBLA', 'contabilidad@sanfernando.com.mx', '2223565588', '6 ORIENTE 3408, COL. RESURGIMIENTO', 'PUEBLA', '72373', '2025-09-19 03:53:58'),
(22, 'PATRICIA DEL CARMEN MARTÍNEZ MARTÍNEZ', 'PATRICIA DEL CARMEN MARTÍNEZ MARTÍNEZ', 'mtzmtzpaty@hotmail.com', '238382077', 'CALLE 3 NORTE 1418, COL.FRANCISCO SARABIA, TEHUACÁN,PUEBLA,', 'TEHUACAN', '75730', '2025-09-19 03:53:58'),
(23, 'SRA. MARÍA DEL CARMEN LÓPEZ', 'SRA. MARÍA DEL CARMEN LÓPEZ', '', '2223294572 TEL. CASA', 'PRIVADA VERONA 73, FRACC.RINCONADA DE LA FORTUNA 2 , SAN ANDRÉS CHOLULA, PUEBLA,', 'SAN ANDRES CHOLULA', '72199', '2025-09-19 03:53:58'),
(24, 'CASONA CONCEPCIÓN GUADALUPE / GUADALUPE PATRICIA BRAVO BUST', 'CASONA CONCEPCIÓN GUADALUPE / GUADALUPE PATRICIA BRAVO BUST', 'lupitapuebla@live.com.mx', '', 'ANDADOR CARMEN SERDAN 119, COL.AMPLIACION NORTE CONCEPCIÓN GUADALUPE, SAN ANDRES CHOLULA, PUEBLA', 'SAN ANDRES CHOLULA', '72197', '2025-09-19 03:53:58'),
(25, 'DOMICILIO ADRIANA SERRET (SE FACTURA A MEDINA)', 'DOMICILIO ADRIANA SERRET (SE FACTURA A MEDINA)', 'adriana.serret@medinavirtual.com', '2222420416 SOLO ALARMA', '4 PONIENTE 107 COL.CENTRO, PUEBLA, PUEBLA,', 'PUEBLA', '72000', '2025-09-19 03:53:58'),
(26, 'DOMICILIO FRANCISCO CAMPOS LIMON', 'DOMICILIO FRANCISCO CAMPOS LIMON', 'campos.limon@gmail.com', '2222401261 ALARMA', '25 ORIENTE #1413 COLONIA BELLA VISTA, PUEBLA, PUEBLA,', 'PUEBLA', '72500', '2025-09-19 03:53:58'),
(27, 'DOMICILIO MARCIAL SALAZAR VALENCIA', 'DOMICILIO MARCIAL SALAZAR VALENCIA', 'salmasoc53@prodigy.net.mx', '2222835407 ALARMA', 'CIRCUITO LOS ENCINOS No. 46 FRACCIONAMIENTO LOS ENCINOS, SAN ANDRÉS CHOLULA,', 'SAN ANDRES CHOLULA', '72813', '2025-09-19 03:53:58'),
(28, 'DOMICILIO RAQUEL TERAN BONILLA', 'DOMICILIO RAQUEL TERAN BONILLA', 'raquelteranbonilla@gmail.com', '2222451690', 'RIO SUCHIATE 5520 FRACC. JARDINES DE SAN MANUEL, PUEBLA, PUEBLA,', 'PUEBLA', '72570', '2025-09-19 03:53:58'),
(29, 'DOMICILIO DRA. ELISA VERGARA', 'DOMICILIO DRA. ELISA VERGARA', 'elizavrgaradiaz@hotmail.com', '2222435781', '7 SUR No 2113 COL. CENTRO, PUEBLA PUEBLA,', 'PUEBLA', '72000', '2025-09-19 03:53:58'),
(30, 'DOMICILIO MANUEL RODRIGUEZ HUERTA', 'DOMICILIO MANUEL RODRIGUEZ HUERTA', '', '2222367861 ALARMA', 'CALLE 27 DE SEPTIEMBRE NUMERO 77 COLONIA TEPEYAC', 'PUEBLA', '72210', '2025-09-19 03:53:58'),
(31, 'DOMICILIO GERARDO TERES REYNA', 'DOMICILIO GERARDO TERES REYNA', 'gerardotreina@hotmail.com', '2222251782', 'ACACIAS NORTE No. 16 COL. BOSQUES DE ANGELÓPOLIS', 'PUEBLA', '72453', '2025-09-19 03:53:58'),
(32, 'DOMICILIO ESPERANZA TANUZ LA VISTA', 'DOMICILIO ESPERANZA TANUZ LA VISTA', 'tanuz@yahoo.com', '2222481271', 'BLVD LA VISTA 1703', 'PUEBLA', '72830', '2025-09-19 03:53:58'),
(33, 'CENTRO DE NEGOCIOS ANZURES', 'CENTRO DE NEGOCIOS ANZURES', '', '', 'CALLE 6 A SUR #3732 COL.ANZURES, PUEBLA.', 'PUEBLA', '72550', '2025-09-19 03:53:58'),
(34, 'GRUPO ALTROVE', 'GRUPO ALTROVE', 'felicheg@hotmail.com', '2222325306', '4 NORTE 410, COL. CENTRO', 'PUEBLA', '72000', '2025-09-19 03:53:58'),
(35, 'AERO MÉXICO PUEBLA KOMPLEX', 'AERO MÉXICO PUEBLA KOMPLEX', 'fobpbcsanangel@aeromexico.com', '2222251140', 'BLVD MUNICIPIO LIBRE 1943 LOC 12 COL. EX HACIENDA MAYORAZGO', 'PUEBLA', '72480', '2025-09-19 03:53:58'),
(36, 'LA CERESA', 'LA CERESA', 'laceresa@arteventas.com', '2229497227 ALARMA', '17 PONIENTE 1102 COL. SANTIAGO', 'PUEBLA', '72410', '2025-09-19 03:53:58'),
(37, 'DOMICILIO ALFREDO GARCIA MAYORAL', 'DOMICILIO ALFREDO GARCIA MAYORAL', 'ing.alfgaro@hotmail.com', '2229399662', 'PRIVADA MIGUEL ALEMÁN No.2914 CASA 4, BARRIO LA MAGDALENA', 'SAN PEDRO CHOLULA', '72760', '2025-09-19 03:53:58'),
(38, 'OFICINAS ANGSTROM S.A DE C.V.P1 Y CASA P2', 'OFICINAS ANGSTROM S.A DE C.V.P1 Y CASA P2', 'ingenieria@angstrom.com.mx', '2222471342', 'PRIVADA BUGAMBILIAS NÚMERO 7 COLONIA LA TRINIDAD SANTORUM, CUAUTLANCINGO', 'PUEBLA', '72730', '2025-09-19 03:53:58'),
(39, 'NOTARIA Nº 9 CASA 2', 'NOTARIA Nº 9 CASA 2', 'sociedades@notaria9puebla.com.mx', '222 243 8487 ext. 104', '16 DE SEPTIEMBRE 2706 COLONIA EL CARMEN', 'PUEBLA', '72530', '2025-09-19 03:53:58'),
(40, 'DOMICILIO SR. MANUEL DIEGO TAJA', 'DOMICILIO SR. MANUEL DIEGO TAJA', 'diegoruanova@prodigy.net.mx', '2222266445', 'SEÑORA DE LOS ANGELES No. 16 COLONIA SANTA CRUZ BUENAVISTA', 'PUEBLA', '72150', '2025-09-19 03:53:58'),
(41, 'NOTARÍA PÚBLICA NÚMERO 24', 'NOTARÍA PÚBLICA NÚMERO 24', 'morenovalle@hotmail.com', '2222465600', 'CALLE 7 ORIENTE 2007 COLONIA AZCARATE', 'PUEBLA', '72501', '2025-09-19 03:53:58'),
(42, 'DOMICILIO RAÚL MEZA LÓPEZ (SAN MATÍAS COCOYOTLA)', 'DOMICILIO RAÚL MEZA LÓPEZ (SAN MATÍAS COCOYOTLA)', 'raulmezalopez@yahoo.com', '2226435554 ALARMA', '5 NORTE 3005, COLONIA SAN MATÍAS COCOYOTLA, SAN PEDRO CHOLULA', 'SAN PEDRO CHOLULA', '72767', '2025-09-19 03:53:58'),
(43, 'T-HOUSE JEANS MÉXICO S.A. DE C.V. NAVE 6', 'T-HOUSE JEANS MÉXICO S.A. DE C.V. NAVE 6', 'auxiliar1@wjm.com.mx', '2224266138', 'AVENIDA 18 DE NOVIEMBRE NO. 2246, COLONIA JOAQUÍN COLOMBRES,', 'PUEBLA', '72300', '2025-09-19 03:53:58'),
(44, 'UNIVERSIDAD DE AMÉRICA LATINA', 'UNIVERSIDAD DE AMÉRICA LATINA', 'universidadcristobalcolon@hotmail.com', '2229496161 ALARMA', 'AV. 33 ORIENTE NÚMERO 626 COLONIA LADRILLERA DE BENÍTEZ, PUEBLA, PUEBLA', 'PUEBLA', '72530', '2025-09-19 03:53:58'),
(45, 'DOMICILIO ANA LORENA CARRILLO PADILLA', 'DOMICILIO ANA LORENA CARRILLO PADILLA', 'lorencarr@yahoo.com', '2222330049', 'CALLE JARDINES DE SANTIAGO, No. 82, COL. SAN JOSÉ XILOTZINGO , PUEBLA, PUEBLA,', 'PUEBLA', '72590', '2025-09-19 03:53:58'),
(46, 'IMURK', 'IMURK', '', '2222636230', 'KILOMETRO 12.5 CARRETERA PUEBLA CARLOS CAMACHO ESPIRITU COLONIA SANTO TOMAS CHI, PUEBLA, PUEBLA', 'PUEBLA', '72595', '2025-09-19 03:53:58'),
(47, 'NUEVA ESPAÑA DE PUEBLA S.A. DE C.V.', 'NUEVA ESPAÑA DE PUEBLA S.A. DE C.V.', 'sisnep@prodigy.net.mx', 'Teléfono: 2222324375', '5 DE MAYO NUMERO 2, CENTRO, PUEBLA, PUEBLA.,', 'PUEBLA', '72000', '2025-09-19 03:53:58'),
(48, 'ZARA SUMINISTROS DE FILTRACIÓN SA DE CV', 'ZARA SUMINISTROS DE FILTRACIÓN SA DE CV', 'admon1@zara-fi.com', '222 950 6588', 'AV DE LAS AMÉRICAS NÚMERO 3813 COL. AMÉRICA SUR, PUEBLA,PUEBLA,', 'PUEBLA', '72340', '2025-09-19 03:53:58'),
(49, 'TAQUERÍA EL SULTÁN', 'TAQUERÍA EL SULTÁN', 'mago92605@gmail.com', '222 232 6632', '5 DE MAYO NUMERO 2-C COLONIA CENTRO, PUEBLA, PUEBLA.,', 'PUEBLA', '72000', '2025-09-19 03:53:58'),
(50, 'DOMICILIO DRA. ALMA MERCEDES ROBLES', 'DOMICILIO DRA. ALMA MERCEDES ROBLES', 'robles.guiriore@gmail.com', '2222358580 (ALARMA)', '26 NORTE No. 1009 COL. RESURGIMIENTO, PUEBLA, PUEBLA,', 'PUEBLA', '72373', '2025-09-19 03:53:58'),
(51, 'PROYECCIÓN AUDIOVISUAL', 'PROYECCIÓN AUDIOVISUAL', 'bonilla@audiovisual.com.mx', '2222112223 (LUGAR)', 'JUÁREZ 122, COLONIA AMPLIACIÓN MOMOXPAN, SAN PEDRO CHOLULA, PUEBLA,', 'SAN PEDRO CHOLULA', '72757', '2025-09-19 03:53:58'),
(52, 'DOMICILIO JOSÉ ABRAHAM LEZAMA SÁNCHEZ', 'DOMICILIO JOSÉ ABRAHAM LEZAMA SÁNCHEZ', 'facturaabrhan@gmail.com', '2222486247 ALARMA', 'CALLE 47 SUR No. 4914 COLONIA ESTRELLAS DEL SUR, PUEBLA, PUEBLA,', 'PUEBLA', '72190', '2025-09-19 03:53:58'),
(53, 'SRA ELSA LOPEZ DE PEREGRINA', 'SRA ELSA LOPEZ DE PEREGRINA', 'gerencia@hperegrina.com.mx', '2222432918 ALARMA', '43 PONIENTE No. 103 COLONIA HUEXOTITLA, PUEBLA, PUEBLA,', 'PUEBLA', '72534', '2025-09-19 03:53:58'),
(54, 'REHABILITACIÓN FÍSICA INTEGRAL SANPER S.A. DE C.V', 'REHABILITACIÓN FÍSICA INTEGRAL SANPER S.A. DE C.V', 'rehabilitacionsanper@yahoo.com.mx', '2222481553', '29 SUR #124 COL.LA PAZ', 'PUEBLA', '72160', '2025-09-19 03:53:58'),
(55, 'DOMICILIO SRA. CONCEPCIÓN BUSQUETS JORDÁ', 'DOMICILIO SRA. CONCEPCIÓN BUSQUETS JORDÁ', 'concepcionbusquets@hotmail.com', '2222434265', '8 B SUR N° 3306 COL. ANZURES', 'PUEBLA', '72530', '2025-09-19 03:53:58'),
(56, 'QUICK LEARNING PLAZA SAN DIEGO (CHOLULA 1)', 'QUICK LEARNING PLAZA SAN DIEGO (CHOLULA 1)', 'direccion.cholula@quicklearning.com', '2222897807 ALARMA', 'BLVD. FORJADORES DE PUEBLA, No. 3401, LOCAL S1-S3, LOMAS DE SAN JUAN, SAN PEDRO CHOLULA, PUEBLA,', 'SAN PEDRO CHOLULA', '72770', '2025-09-19 03:53:58'),
(57, '0079 SALÓN DE FIESTAS RICKEY', '0079 SALÓN DE FIESTAS RICKEY', 'javiervmialma@hotmail.com', '2229475246 SOLO ALARMA', '71 ORIENTE No. 1004 COL.LOMA LINDA', 'PUEBLA', '72477', '2025-09-19 03:53:58'),
(58, 'NS STORE (CANCÚN)', 'NS STORE (CANCÚN)', 'gerencia@nsstore.com', '9988844121 ALARMA', 'AV. PALENQUE, MZA 3 LOTE 2 LOCAL 4, SUPER MANZANA 29, CANCÚN, QUINTANA ROO,', '', '77508', '2025-09-19 03:53:58'),
(59, 'NS STORE', 'NS STORE', 'ventas2@nsstore.mx', '222 249 5170', '3 B SUR No.3711 COL. GABRIEL PASTOR', 'PUEBLA', '72420', '2025-09-19 03:53:58'),
(60, 'UNIVERSIDAD CRISTÓBAL COLÓN', 'UNIVERSIDAD CRISTÓBAL COLÓN', 'subdiroperativa@ucristobalcolon.edu.mx', '2222969245', '18 OTE 2831-A COL. HUMBOLT NORTE, PUEBLA PUEBLA,', 'PUEBLA', '72370', '2025-09-19 03:53:58'),
(61, '0011 - DOMICILIO JAVIER GANCEDO DEL RÍO', '0011 - DOMICILIO JAVIER GANCEDO DEL RÍO', 'celinazepeda@hotmail.com', '2229909273 ALARMA', 'CALLE PRIMERA C SUR, NÚMERO 17, FRACCIONAMIENTO LA CONCEPCIÓN 3ERA SECCIÓN', 'PUEBLA', '72176', '2025-09-19 03:53:58'),
(62, 'SERVITEX 1437ALAI', 'SERVITEX 1437ALAI', 'pedrohidalga@servitex.com.mx', '2224051616', 'NICOLAS BRAVO ORIENTE 34 A COL.SAN FELIPE HUEYOTLIPAN, PUEBLA, PUEBLA.,', 'PUEBLA', '72030', '2025-09-19 03:53:58'),
(63, 'DOMICILIO SR. ARTURO TORRE', 'DOMICILIO SR. ARTURO TORRE', 'arturotorres@yahoo.com.mx', '2222443828 ALARMA', 'KANSAS N.9 COL. VISTA ALEGRE , PUEBLA, PUEBLA,', 'PUEBLA', '72594', '2025-09-19 03:53:58'),
(64, 'DOMICILIO SR. VICENTE GRADOS AGUILAR', 'DOMICILIO SR. VICENTE GRADOS AGUILAR', 'vgradosa@hotmail.com', '2225702113', '9 PONIENTE No. 922 COL.CENTRO, SAN PEDRO CHOLULA', 'SAN PEDRO CHOLULA', '72760', '2025-09-19 03:53:58'),
(65, 'DOMICILIO JOEL ASPINWALL IBAÑEZ', 'DOMICILIO JOEL ASPINWALL IBAÑEZ', 'aspinwall53@gmail.com.mx', '2229486514 ALARMA', 'GUILLERMO PRIETO No. 35, SANTIAGO MOMOXPAN , SAN PEDRO CHOLULA,PUEBLA ,', 'SAN PEDRO CHOLULA', '72775', '2025-09-19 03:53:58'),
(66, 'CLÍNICA DENTAL DE ESPECIALIDADES', 'CLÍNICA DENTAL DE ESPECIALIDADES', 'alexiogalindo@hotmail.com', '2222746605 ALARMA', 'PRIV 29 B SUR No. 3318 COL. EL VERGEL , PUEBLA, PUEBLA', 'PUEBLA', '72400', '2025-09-19 03:53:58'),
(67, 'CLÍNICA DE ENDODONCIA', 'CLÍNICA DE ENDODONCIA', 'alfonso_eldo@hotmail.com', '2222331174 ALARMA', '39 ORIENTE No. 1602 EL MIRADOR , PUEBLA, PUEBLA ,', 'PUEBLA', '72530', '2025-09-19 03:53:58'),
(68, 'DOMICILIO DIEGO NUÑO DE LA PARRA Y MARÍA ELENA JIMÉNEZ', 'DOMICILIO DIEGO NUÑO DE LA PARRA Y MARÍA ELENA JIMÉNEZ', 'dnunup@hotmail.com', '2222849020 ALARMA', 'NARDOS 39, JARDINES DE ZAVALETA, SAN PEDRO CHOLULA, PUEBLA,', 'PUEBLA', '72150', '2025-09-19 03:53:58'),
(69, 'DOMICILIO SEÑORA PELU RODRÍGUEZ PACHECO (INMOBILIARÍA ROMAR)', 'DOMICILIO SEÑORA PELU RODRÍGUEZ PACHECO (INMOBILIARÍA ROMAR)', 'inmobiliariaromarpuebla@hotmail.com', '2222373879 ALARMA', 'CALLE SANTANDER No 4924, COLONIA LAS PALMAS , PUEBLA, PUEBLA ,', 'PUEBLA', '72550', '2025-09-19 03:53:58'),
(70, 'DOMICILIO ANA LUZ JOSEFINA DE CAMARENA LOPEZ (INSTITUTO RODA', 'DOMICILIO ANA LUZ JOSEFINA DE CAMARENA LOPEZ (INSTITUTO RODA', 'anacamlop@hotmail.com', '2229648623 ALARMA', 'PRIVADA 51 PTE No. 5106, COL.ESTRELLA DEL SUR, PUEBLA, PUEBLA ,', 'PUEBLA', '72190', '2025-09-19 03:53:58'),
(71, 'FUENTES ROMERO ABOGADOS', 'FUENTES ROMERO ABOGADOS', 'dulce-juridico2008@hotmail.com', '2222409088', '7 SUR 2114, CHULA VISTA , PUEBLA, PUEBLA,', 'PUEBLA', '72420', '2025-09-19 03:53:58'),
(72, 'LAYFER DE PUEBLA SA DE CV', 'LAYFER DE PUEBLA SA DE CV', 'layfer30@hotmail.com', '2222850554 ALARMA', 'AVENIDA JUAREZ 1001, SANTIAGO MOMOXPAN, PUEBLA PUEBLA,', 'PUEBLA', '72560', '2025-09-19 03:53:58'),
(73, 'DOMICILIO JOSÉ MANUEL GALICIA RAMOS', 'DOMICILIO JOSÉ MANUEL GALICIA RAMOS', 'jmanulgaliciar@hotmail.com', '2222379004', 'PRIVADA GREGORIO DE GANTE, No.2303, COL.VOLCANES, PUEBLA, PUEBLA', 'PUEBLA', '72410', '2025-09-19 03:53:58'),
(74, 'DOMICILIO SRA VERÓNICA PEREGRINA LÓPEZ', 'DOMICILIO SRA VERÓNICA PEREGRINA LÓPEZ', 'verpel@yahoo.com', '2222343246', 'CALLE PINOS, No. 10, COLONIA MIRADOR LA CALERA , PUEBLA, PUEBLA', 'PUEBLA', '72520', '2025-09-19 03:53:58'),
(75, 'ESTACIONAMIENTO DE LA 13', 'ESTACIONAMIENTO DE LA 13', 'lore-cris@yahoo.com', '2222324946 ALARMA', '13 ORIENTE NO. 9 COL CENTRO, PUEBLA, PUEBLA', 'PUEBLA', '72530', '2025-09-19 03:53:58'),
(76, 'PAPELERIA NOFER SA DE CV', 'PAPELERIA NOFER SA DE CV', 'papelerianofer@prodigy.net.mx', '2222403804 ALARMA', '16 DE SEPTIEMBRE 1911-E COL.EL CARMEN , PUEBLA,', 'PUEBLA', '72530', '2025-09-19 03:53:58'),
(77, 'DOMICILIO SILVIA ZEHENY BADRY', 'DOMICILIO SILVIA ZEHENY BADRY', 'silviazehenybadry@yahoo.com.es', '2222205576 (ALARMA)', '11 NORTE N. 4210 COL.SANTA MARIA, PUEBLA PUEBLA,', 'PUEBLA', '72080', '2025-09-19 03:53:58'),
(78, 'AROWELDING TECHNOLOGIES SA DE CV', 'AROWELDING TECHNOLOGIES SA DE CV', 'karina.vazquez@arotechnologies.com', '2222300037 ALARMA', '43-B SUR No 4720 COL. ESTRELLA DEL SUR, PUEBLA ,', 'PUEBLA', '72190', '2025-09-19 03:53:58'),
(79, 'CONSERVAS CHOLULA LOCAL 107', 'CONSERVAS CHOLULA LOCAL 107', 'narroyo@grupoconservas.mx', '2228825300', 'AVENIDA 12 ORIENTE No. 304 LOCAL 107, COLONIA SAN MIGUEL', 'PUEBLA', '72810', '2025-09-19 03:53:58'),
(80, 'DOMICILIO JOSE RODOLFO MORALES MORENO', 'DOMICILIO JOSE RODOLFO MORALES MORENO', 'rodolfo.morales63@hotmail.com', '2227938804 ALARMA', 'AV. NEVADO DE TOLUCA, No. 50, COL. MALINTZI, PUEBLA, PUEBLA,', 'PUEBLA', '72210', '2025-09-19 03:53:58'),
(81, 'QUICK LEARNING LIBERTAD', 'QUICK LEARNING LIBERTAD', 'smorales@quicklearning.com', '2222570010 ALARMA', 'AV. REFORMA 5502 COL.LA LIBERTAD, PUEBLA', 'PUEBLA', '72130', '2025-09-19 03:53:58'),
(82, 'DOMICILIO NORMA ANGELICA VÁZQUEZ REYES', 'DOMICILIO NORMA ANGELICA VÁZQUEZ REYES', 'angykar01@yahoo.com.mx', '2222254769 ALARMA', 'CALLE PASO DE CORTÉS, No. 105, SAN LUIS TEHUILOYOCAN, SAN ANDRÉS CHOLULA, PUEBLA,', 'SAN ANDRES CHOLULA', '72760', '2025-09-19 03:53:58'),
(83, 'CONSERVAS CHOLULA LOCAL 101', 'CONSERVAS CHOLULA LOCAL 101', 'calducin@grupoconserva.mx', '2221780373 ALARMA', 'AVENIDA 12 ORIENTE No. 304 LOCAL 101, COLONIA SAN MIGUEL', 'SAN ANDRES CHOLULA', '72810', '2025-09-19 03:53:58'),
(84, 'MC DONALD\'S ARCANGELES [PERIMETRAL]', 'MC DONALD\'S ARCANGELES [PERIMETRAL]', 'arcangeles@mcdpuebla.com', '2222145356 ALARMA', 'LATERAL SUR DE LA VIA ATLIXCAYOTL 6510- LOC DAD5 COLONIA SAN BERNARDINO TLAXCALA, SAN ANDRES CHOLULA PUEBLA ,', 'SAN ANDRES CHOLULA', '72820', '2025-09-19 03:53:58'),
(85, 'MC DONALDS PARQUE PUEBLA', 'MC DONALDS PARQUE PUEBLA', 'parquepuebla@mcdpuebla.com', '222 227 6784', 'CALZADA IGNACIO ZARAGOZA No 410, DENTRO DEL CENTRO COMERCIAL PARQUE PUEBLA, COL. Corredor Industrial la Ciénega', 'PUEBLA', '72210', '2025-09-19 03:53:58'),
(86, 'MC DONALD\'S PLAZA GALERÍAS', 'MC DONALD\'S PLAZA GALERÍAS', 'galerias@mcdpuebla.com', '2222242282', 'BOULEVARD HERMANOS SERDÁN, COLONIA RANCHO POSADAS', 'PUEBLA', '72062', '2025-09-19 03:53:58'),
(87, 'MC DONALD\'S 10 PONIENTE', 'MC DONALD\'S 10 PONIENTE', 'zocalo@mcdpuebla.com', '2223632116', '10 PONIENTE 326 local E, COLONIA CENTRO', 'PUEBLA', '72500', '2025-09-19 03:53:58'),
(88, 'MC DONALD´S BODEGA', 'MC DONALD´S BODEGA', 'mlopez@mcdpuebla.com', '2222430005', '39 ORIENTE NO. 17 COLONIA HUEXOTITLA', 'PUEBLA', '72534', '2025-09-19 03:53:58'),
(89, 'MC DONALD\'S SUCURSAL SAN DIEGO', 'MC DONALD\'S SUCURSAL SAN DIEGO', 'sandiego@mcdpuebla.com', '2223291057 (ALARMA)', 'AV FORJADORES DE PUEBLA No. 3401 INTERIOR LOCAL JK', 'PUEBLA', '72755', '2025-09-19 03:53:58'),
(90, 'MC DONALDS SUCURSAL NORTE PERIMETRAL', 'MC DONALDS SUCURSAL NORTE PERIMETRAL', 'norte@mcdpuela.com', '2222320080', 'BOULEVARD 5 DE MAYO #2, BARRIO DE SAN ANTONIO, ESQUINA 2 NORTE', 'PUEBLA', '72000', '2025-09-19 03:53:58'),
(91, 'MC DONALDS CAPU ENTRADA BOULEVARD', 'MC DONALDS CAPU ENTRADA BOULEVARD', 'sanpedro@mcdpuebla.com', '2222158859', 'BLVRD CARMEN SERDÁN, ZONA CAPU, PUEBLA, PUEBLA', 'PUEBLA', '72045', '2025-09-19 03:53:58'),
(92, 'MC DONALD\'S SUCURSAL ANGELÓPOLIS', 'MC DONALD\'S SUCURSAL ANGELÓPOLIS', 'angelopolis@mcdpuebla.com', '222 225 0086', 'BOULEVARD DEL NIÑO POBLANO No 2510 LOCAL 17, COL. Reserva Territorial Atlixcáyotl', 'PUEBLA', '72450', '2025-09-19 03:53:58'),
(93, 'MC DONALDS SUCURSAL OUTLET [PERIMETRAL]', 'MC DONALDS SUCURSAL OUTLET [PERIMETRAL]', 'outlet@mcdpuebla.com', '2222106440', 'KILÓMETRO 115 AUTOPISTA MÉXICO-PUEBLA No ANEXO 1, SAN FRANCISCO OCOTLÁN', 'PUEBLA', '72280', '2025-09-19 03:53:58'),
(94, 'MC DONALD\'S SUCURSAL PLAZA CENTRO SUR (AGUA SANTA)', 'MC DONALD\'S SUCURSAL PLAZA CENTRO SUR (AGUA SANTA)', 'aguasanta@mcdpuebla.com', '2223951096', 'PROLONGACION 11 SUR No 1190-2', 'PUEBLA', '72450', '2025-09-19 03:53:58'),
(95, 'MC DONALDS SUCURSAL CHOLULA [PERIMETRAL]', 'MC DONALDS SUCURSAL CHOLULA [PERIMETRAL]', 'cholula@mcdpuebla.com', '2222611753', 'AVENIDA 5 DE MAYO No 1622-C, COL. San Juan Aquiahuac', 'SAN ANDRES CHOLULA', '72008', '2025-09-19 03:53:58'),
(96, 'UPAEP CAMPUS TLAXCALA II (SALA DE COMPUTO)', 'UPAEP CAMPUS TLAXCALA II (SALA DE COMPUTO)', '', '2464649633', 'TECPANXOCHITL 52 A, SAN PEDRO TLALCUAPAN DE NICOLÁS BRAVO', 'TLAXCALA', '90806', '2025-09-19 03:53:58'),
(97, 'UPAEP CAMPUS TLAXCALA I (OFICINAS)', 'UPAEP CAMPUS TLAXCALA I (OFICINAS)', '', '2464649634', 'TECPANXOCHITL 52 A,SAN PEDRO TLALCUAPAN DE NICOLÁS BRAVO', 'TLAXCALA', '90806', '2025-09-19 03:53:58'),
(98, 'UPAEP ATLIXCO BACHILLERATO', 'UPAEP ATLIXCO BACHILLERATO', '', '2444451991', 'CAMINO A LA UVERA, No. 2008-A, SAN DIEGO LA BLANCA', 'ATLIXCO', '74368', '2025-09-19 03:53:58'),
(99, 'UPAEP SAN MARTÍN BACHILLERATO', 'UPAEP SAN MARTÍN BACHILLERATO', '', '2481122929', 'San Miguel Lardizábal 03-1 Colonia La Purísima', 'SAN MARTIN TEXMELUCAN', '74030', '2025-09-19 03:53:58'),
(100, 'UNIDADES BÁSICAS UPAEP PLANTEL BUGAMBILIAS', 'UNIDADES BÁSICAS UPAEP PLANTEL BUGAMBILIAS', '', '2222332183', 'Calle Lago No. 6136 Colonia Bugambilias', 'PUEBLA', '72580', '2025-09-19 03:53:58'),
(101, 'UNIDADES BÁSICAS UPAEP PLANTEL SANTIAGO III', 'UNIDADES BÁSICAS UPAEP PLANTEL SANTIAGO III', '', '2222462576', 'AVENIDA 11 PONIENTE, No. 1310, COLONIA BARRIO DE SANTIAGO', 'PUEBLA', '72000', '2025-09-19 03:53:58'),
(102, 'UNIDADES BÁSICAS UPAEP DE SAN MARTÍN', 'UNIDADES BÁSICAS UPAEP DE SAN MARTÍN', '', '2481122295', 'CALLE ROVIROSA #2 COLONIA ÁLVARO OBREGÓN , SAN MARTIN TEXMELUCAN, PUEBLA,', 'PUEBLA', '74060', '2025-09-19 03:53:58'),
(103, 'UNIDADES BÁSICAS UPAEP (PLANTEL A SECUNDARIA)', 'UNIDADES BÁSICAS UPAEP (PLANTEL A SECUNDARIA)', '', '2444462880', 'CAMINO A LA UVERA, N.2004, COL. SAN DIEGO LA BLANCA , ATLIXCO,PUEBLA,', 'ATLIXCO', '74368', '2025-09-19 03:53:58'),
(104, 'UNIDADES BÁSICAS UPAEP A.C.(PLANTEL B PREESCOLAR Y PRIMARIA)', 'UNIDADES BÁSICAS UPAEP A.C.(PLANTEL B PREESCOLAR Y PRIMARIA)', '', '2444453582', 'CAMINO A LA UVERA, N.2004, COL. SAN DIEGO LA BLANCA', 'ATLIXCO', '74368', '2025-09-19 03:53:58'),
(105, 'FARMACIA MEDINA SUCURSAL PRADEA (PLAZA PRADEA SUR)', 'FARMACIA MEDINA SUCURSAL PRADEA (PLAZA PRADEA SUR)', '', '2222534849', 'BLVD. VALSEQUILLO NO. 7736 LOCAL 30,SAN JOSE XILOTZINGO', 'PUEBLA', '72583', '2025-09-19 03:53:58'),
(106, 'FARMACIA MEDINA SUCURSAL ATLIXCO', 'FARMACIA MEDINA SUCURSAL ATLIXCO', '', '2444455587 ALARMA', 'AVENIDA LIBERTAD #401,COL.CENTRO, ATLIXCO,PUEBLA,', 'ATLIXCO', '74200', '2025-09-19 03:53:58'),
(107, 'FARMACIA MEDINA SUCURSAL JUÁREZ', 'FARMACIA MEDINA SUCURSAL JUÁREZ', '', '2222973036', 'AVENIDA JUÁREZ No 3116 LOCAL -1,COL. LA PAZ, PUEBLA PUEBLA,', 'PUEBLA', '72160', '2025-09-19 03:53:58'),
(108, 'FARMACIA MEDINA SUCURSAL CENTRO', 'FARMACIA MEDINA SUCURSAL CENTRO', '', '2222420952 Alarma', '4 PONIENTE 107,Col.Centro, PUEBLA PUEBLA,', 'PUEBLA', '72000', '2025-09-19 03:53:58'),
(109, 'FARMACIA MEDINA SUCURSAL EL MIRADOR', 'FARMACIA MEDINA SUCURSAL EL MIRADOR', '', '2222968647', 'BLVD. 14 SUR #3902-6, COL. ANZURES, PUEBLA', 'PUEBLA', '72530', '2025-09-19 03:53:58'),
(110, 'FARMACIA MEDINA SUCURSAL AMALUCAN (24 HORAS)', 'FARMACIA MEDINA SUCURSAL AMALUCAN (24 HORAS)', '', '2222973797', 'Av. de las Torres No. 5, Infonavit Amalucan', 'PUEBLA', '72310', '2025-09-19 03:53:58'),
(111, 'FARMACIA MEDINA SUCURSAL CAPU', 'FARMACIA MEDINA SUCURSAL CAPU', '', '2222481824', 'Calle De La Pedrera 2513, Las Cuartillas, PUEBLA,PUEBLA,', 'PUEBLA', '72050', '2025-09-19 03:53:58'),
(112, 'FARMACIA MEDINA SUCURSAL ZAVALETA', 'FARMACIA MEDINA SUCURSAL ZAVALETA', '', '2222847126 ALARMA', 'Camino Real a Cholula 52071 La Concepción, Buena Vista, PUEBLA,PUEBLA,', 'PUEBLA', '72150', '2025-09-19 03:53:58'),
(113, 'FARMACIA MEDINA SUCURSAL CHOLULA', 'FARMACIA MEDINA SUCURSAL CHOLULA', '', '2224052566 ALARMA', 'Av. Miguel Hidalgo 502, La Candelaria, SAN ANDRES CHOLULA,PUEBLA', 'SAN ANDRES CHOLULA', '72762', '2025-09-19 03:53:58'),
(114, 'FARMACIA MEDINA RECURSOS HUMANOS', 'FARMACIA MEDINA RECURSOS HUMANOS', '', '2222967092', 'PLAZA AMERICA LOCAL N.23,COL PRADOS DE AGUA AZUL, PUEBLA,PUEBLA', 'PUEBLA', '72440', '2025-09-19 03:53:58'),
(115, 'FARMACIA MEDINA SUCURSAL CENTRO MERCADO', 'FARMACIA MEDINA SUCURSAL CENTRO MERCADO', '', '2222460354', '5 NORTE No 1404, LOCAL D Y M,CENTRO, PUEBLA,PUEBLA,', 'PUEBLA', '72000', '2025-09-19 03:53:58'),
(116, 'FARMACIA MEDINA SUCURSAL LOMAS DE ANGELÓPOLIS', 'FARMACIA MEDINA SUCURSAL LOMAS DE ANGELÓPOLIS', '', '2225748081', 'PASEO SINFONIA 1 LOTE 1, CENTRO COMERCIAL SONATA , PUEBLA,PUEBLA,', 'PUEBLA', '72830', '2025-09-19 03:53:59'),
(117, 'FARMACIA MEDINA SUCURSAL HUEXOTITLA', 'FARMACIA MEDINA SUCURSAL HUEXOTITLA', '', '2222967043 ALARMA', 'BOULEVARD 5 DE MAYO N.112 LETRA F,COL HUEXOTITLA, PUEBLA,PUEBLA,', 'PUEBLA', '72500', '2025-09-19 03:53:59'),
(118, 'FARMACIA MEDINA SUCURSAL HUMBOLDT', 'FARMACIA MEDINA SUCURSAL HUMBOLDT', '', '2222972984', '14 ORIENTE 2222.COL HUMBOLDT, PUEBLA,PUEBLA,', 'PUEBLA', '72280', '2025-09-19 03:53:59'),
(119, 'FARMACIA MEDINA SUCURSAL MERCADO ZAPATA', 'FARMACIA MEDINA SUCURSAL MERCADO ZAPATA', '', '2222967455', 'CALLE EBANO No. 55, Colonia Bugambilias, PUEBLA,PUEBLA,', 'PUEBLA', '72470', '2025-09-19 03:53:59'),
(120, 'FARMACIA MEDINA NATBEL OFICINAS Y BODEGA', 'FARMACIA MEDINA NATBEL OFICINAS Y BODEGA', '', '2222973035 ALARMA', 'BOULEVARD CARMEN SERDAN 83, COL SAN FELIPE HUEYOTLIPAN, PUEBLA,PUEBLA,', 'PUEBLA', '72040', '2025-09-19 03:53:59'),
(121, 'FARMACIA MEDINA SUCURSAL VILLA FRONTERA (24 HORAS)', 'FARMACIA MEDINA SUCURSAL VILLA FRONTERA (24 HORAS)', '', '2222972865 Alarma', 'Camino a Tlaltepango 10242, PUEBLA,PUEBLA, COL VILLA FRONTERA', 'PUEBLA', '72000', '2025-09-19 03:53:59'),
(122, 'FARMACIA MEDINA SUCURSAL EL CRISTO', 'FARMACIA MEDINA SUCURSAL EL CRISTO', '', '2446881278 ALARMA', 'Lib. Puebla - Izúcar1901, LOCAL 84 Ex Rancho Llano Grande, ATLIXCO,PUEBLA,', 'ATLIXCO', '74293', '2025-09-19 03:53:59'),
(123, 'FARMACIA MEDINA SUCURSAL PLAZA VÍA LOMAS', 'FARMACIA MEDINA SUCURSAL PLAZA VÍA LOMAS', '', '2222168798 ALARMA', 'Av del Castillo 5491, Lomas de Angelópolis, VIA LOMAS, SAN ANDRES CHOLULA ,', 'SAN ANDRES CHOLULA', '72830', '2025-09-19 03:53:59'),
(124, 'FARMACIA MEDINA SUCURSAL ÁNIMAS', 'FARMACIA MEDINA SUCURSAL ÁNIMAS', '', '2229621531', 'CIRCUITO JUAN PABLO II. No. 2921 COL.CONJUNTO AMANECER', 'PUEBLA', '72400', '2025-09-19 03:53:59'),
(125, 'HJ LA BODEGA', 'HJ LA BODEGA', 'hjexhibimuebles@hotmail.com', '2223269961 ALARMA', 'AVENIDA 20 PONIENTE Numero 2002 COL. CENTRO', 'PUEBLA', '72000', '2025-09-19 03:53:59'),
(126, 'PEREGRINA ANGELÓPOLIS AUTOLAVADO 16 DE SEPTIEMBRE', 'PEREGRINA ANGELÓPOLIS AUTOLAVADO 16 DE SEPTIEMBRE', '', '2371268042', 'Avenida 16 de septiembre No. 5943, El cerrito', 'PUEBLA', '72440', '2025-09-19 03:53:59'),
(127, 'PEREGRINA MOTORES ATLIXCÁYOTL ANGELÓPOLIS', 'PEREGRINA MOTORES ATLIXCÁYOTL ANGELÓPOLIS', '', '2222313219', 'VIA ATLIXCAYOTL N.3202', 'SAN ANDRES CHOLULA', '72840', '2025-09-19 03:53:59'),
(128, 'PEREGRINA AUTOMOTRIZ DEL CENTRO 4 PONIENTE (BODEGA)', 'PEREGRINA AUTOMOTRIZ DEL CENTRO 4 PONIENTE (BODEGA)', '', '2222276201 ALARMA', '4 PONIENTE 1709,CENTRO', 'PUEBLA', '72000', '2025-09-19 03:53:59'),
(129, 'PEREGRINA AUTOMOTRIZ DEL CENTRO SA DE CV (COLISIÓN)', 'PEREGRINA AUTOMOTRIZ DEL CENTRO SA DE CV (COLISIÓN)', '', '2222468887 ALARMA', '2 PONIENTE 1303,CENTRO', 'PUEBLA', '72000', '2025-09-19 03:53:59'),
(130, 'MÓNICA GONZÁLEZ JANEIRO', 'MÓNICA GONZÁLEZ JANEIRO', '', '2222651180', 'Yucatan No. 102 COL. EL CERRITO', 'PUEBLA', '72440', '2025-09-19 03:53:59'),
(131, 'DOMICILIO LIC. SAMUEL NIETO CONSUEGRA', 'DOMICILIO LIC. SAMUEL NIETO CONSUEGRA', 'nieto03@hotmail.com', '2222841527', 'CERRADA SAN JUAN #4 FRACC. LA TRINIDAD, JUNTA AUXILIAR TLAXCALANCINGO', 'SAN ANDRES CHOLULA', '72820', '2025-09-19 03:53:59'),
(132, 'FERRETERÍA ESTRELLA', 'FERRETERÍA ESTRELLA', 'fytestrella@outlook.com', '222 248 5161', '23 NORTE N°6 COLONIA SAN MATÍAS', 'PUEBLA', '72090', '2025-09-19 03:53:59'),
(133, 'DOMICILIO ANA PAOLA GONZÁLEZ MARTÍNEZ', 'DOMICILIO ANA PAOLA GONZÁLEZ MARTÍNEZ', 'anna_paolag@hotmail.com', '2222457276 TEL. CASA', '18 SUR 3907 COL.MIRADOR', 'PUEBLA', '', '2025-09-19 03:53:59'),
(134, 'SONIC CENTER / INTEGRANDO SOLUCIONES PRO AV', 'SONIC CENTER / INTEGRANDO SOLUCIONES PRO AV', 'pepehmx@gmail.com', '2229599381', '31 PONIENTE 3318-LOCAL 2 COL. SANTA CRUZ LOS ANGELES', 'PUEBLA', '72400', '2025-09-19 03:53:59'),
(135, 'NOTARÍA 01 CHOLULA S.C', 'NOTARÍA 01 CHOLULA S.C', 'fernandavc@notaria1cholula.com', '2222474358', 'VIOLETAS 103 RESIDENCIAL EL PILAR', 'SAN ANDRES CHOLULA', '72197', '2025-09-19 03:53:59'),
(136, 'DOMICILIO MARI TERE MARTÍNEZ LETONA', 'DOMICILIO MARI TERE MARTÍNEZ LETONA', 'tere.martinez.l@hotmail.com', '2222489180', 'CALZADA DE LOS ÁLAMOS 713, INTERIOR 2, FRACC. FUNDADORES DE ZAVALETA', 'PUEBLA', '', '2025-09-19 03:53:59'),
(137, 'MC DONALD\'S SUCURSAL CRISTAL [PERIMETRAL]', 'MC DONALD\'S SUCURSAL CRISTAL [PERIMETRAL]', 'crystal@mcdpuebla.com', '2222372670', 'BOULEVARD VALSEQUILLO Y CIRCUITO JUAN PABLO II S/N', 'PUEBLA', '72440', '2025-09-19 03:53:59'),
(138, 'DOMICILIO VIRGINIA FUENTES HERRERA', 'DOMICILIO VIRGINIA FUENTES HERRERA', 'virginia.gf2013@gmail.com', '2229641901', 'CALLE 29 B NORTE, NÚMERO 1021, COLONIA VILLA SAN ALEJANDRO', 'PUEBLA', '72090', '2025-09-19 03:53:59'),
(139, 'CONSULTORIOS MEDINA PLAZA W', 'CONSULTORIOS MEDINA PLAZA W', '', '2222973035', 'Vía Atlixcayolt 3245 Locales 118 y 119,Plaza W,Ex Hacienda San Martinito', 'PUEBLA', '72810', '2025-09-19 03:53:59'),
(140, 'FAMILIA ABASCAL SANTILLANA', 'FAMILIA ABASCAL SANTILLANA', '', '2222488301', 'CALLE 7, NÚMERO 36, COLONIA SAN JOSE VISTA HERMOSA', 'PUEBLA', '72190', '2025-09-19 03:53:59'),
(141, 'FAMILIA VILLAR VIVANCO', 'FAMILIA VILLAR VIVANCO', 'mvivanco@mcdonaldspuebla.com', '', 'CALLE 16 DE SEPTIEMBRE, NÚMERO 3701-A, COLONIA HUEXOTITLA', 'PUEBLA', '72420', '2025-09-19 03:53:59'),
(142, 'CASA 2 (DOMICILIO GABRIELA GRADOS)', 'CASA 2 (DOMICILIO GABRIELA GRADOS)', '', '+1 (303) 870-3500', 'CALLE HIDALGO No. 5110 CASA 1 Y 2, COL. SAN BALTAZAR CAMPECHE', 'PUEBLA', '72550', '2025-09-19 03:53:59'),
(143, 'GASOLINERA GULF REFORMA', 'GASOLINERA GULF REFORMA', '', '2222316866', 'AVENIDA DE LA REFORMA No 2518, COL. SAN MATÍAS', 'PUEBLA', '72090', '2025-09-19 03:53:59'),
(144, 'DOMICILIO FAM. PEREGRINA VENTOSA', 'DOMICILIO FAM. PEREGRINA VENTOSA', 'js@peregrinalujo.com', '2221691297', 'VISTA CLARA 1303, LA VISTA COUNTRY CLUB', 'SAN ANDRES CHOLULA', '72810', '2025-09-19 03:53:59'),
(145, '(P1) CODIPSA PUEBLA BODEGA', '(P1) CODIPSA PUEBLA BODEGA', 'fernando@sanfernando.com.mx', 'Teléfono: 222 213 0418', '6 ORIENTE 3408, COL. RESURGIMIENTO', 'PUEBLA', '72373', '2025-09-19 03:53:59'),
(146, 'DOMICILIO MARÍA ELENA GONZÁLEZ MORENO', 'DOMICILIO MARÍA ELENA GONZÁLEZ MORENO', 'mariaelenagonzalezmoreno42@gmail.com', '2214089952', 'CERRADA 21 ORIENTE No. 210 LETRA D, COL. EL CARMEN,', 'PUEBLA', '72530', '2025-09-19 03:53:59'),
(147, 'ARTE VENTAS DE PUEBLA SA DE CV', 'ARTE VENTAS DE PUEBLA SA DE CV', 'josea.gabriel@arteventas.com', '2211461968 (CASETA)', 'ANTIGUO CAMINO A MANZANILLA O ANTIGUO CAMINO A LA RESURECCION 80, COLONIA BOSQUE', 'PUEBLA', '72225', '2025-09-19 03:53:59'),
(148, 'AIRE Y PROCESO INDUSTRIAL SA DE CV', 'AIRE Y PROCESO INDUSTRIAL SA DE CV', 'dario.esteves@aireyproceso.com', '2222372111', '8 ORIENTE No 2803 COL. RESURGIMIENTO,', 'PUEBLA', '72730', '2025-09-19 03:53:59'),
(149, 'DOMICILIO RAYMUNDO GOMEZ', 'DOMICILIO RAYMUNDO GOMEZ', 'denisesedas@gmail.com', '2222475944', 'PRIVADA JUAN BLANCA 2319-CASA 2, RESIDENCIAL CLUB DE GOLF LA HUERTA,', 'SAN PEDRO CHOLULA', '72764', '2025-09-19 03:53:59'),
(150, 'DOMICILIO IÑIGO OCEJO', 'DOMICILIO IÑIGO OCEJO', 'iocejo@hotmail.com', '2222300375', 'CALLE MISIÓN DE SAN JUAN, NÚMERO 8, FRACCIONAMIENTO LA MISIÓN', 'SAN ANDRES CHOLULA', '', '2025-09-19 03:53:59'),
(151, 'DOMICILIO MARICELA DIAZ SAAVEDRA', 'DOMICILIO MARICELA DIAZ SAAVEDRA', 'mardisaav@hotmail.com', '2222442834', 'RIO CONCHOS No. 5347, JARDINES DE SAN MANUEL', 'PUEBLA', '72570', '2025-09-19 03:53:59'),
(152, 'DOMICILIO MARÍA TERESA JUÁREZ AGUILAR', 'DOMICILIO MARÍA TERESA JUÁREZ AGUILAR', 'fyt.ventas1@hotmail.com', '', 'Av. 15 Poniente No 4710, Colonia Ampliación Reforma', 'PUEBLA', '72180', '2025-09-19 03:53:59'),
(153, 'MARÍA LUISA SAINZ DE ROZAS', 'MARÍA LUISA SAINZ DE ROZAS', 'marisaosr@hotmail.com', '2222496653', '49 B SUR 4723 COL.ESTRELLAS DEL SUR', 'PUEBLA', '72190', '2025-09-19 03:53:59'),
(154, '[P2-2380] QUALITY TRADE S.A. DE C.V. PARTICION 2 CUENTA 2380', '[P2-2380] QUALITY TRADE S.A. DE C.V. PARTICION 2 CUENTA 2380', 'logistica@qualitytrade.com.mx', '2222325570', '12 PONIENTE 1501-D BARRIO SAN MIGUELITO', 'PUEBLA', '72090', '2025-09-19 03:53:59'),
(155, 'DOMICILIO FAMILIA LUNA GRADOS', 'DOMICILIO FAMILIA LUNA GRADOS', 'tecau82@hotmail.com', '2222493206', 'CALLE CIPRES NUMERO 11 COLONIA SANTA CRUZ BUENA VISTA', 'PUEBLA', '72150', '2025-09-19 03:53:59'),
(156, 'FAM. BERNAL ESCOBAR', 'FAM. BERNAL ESCOBAR', 'jobecano@gmail.com', '2222353674', 'PASEO DE LAS PALOMAS, No. 203, CLUSTER (11-11-11) ,LOMAS DE ANGELÓPOLIS', 'PUEBLA', '72830', '2025-09-19 03:53:59'),
(157, 'TALLER PEREGRINA 16 DE SEPTIEMBRE BUGAMBILIAS', 'TALLER PEREGRINA 16 DE SEPTIEMBRE BUGAMBILIAS', '', '2221967038', '16 de Septiembre 5942, Bugambilias', 'PUEBLA', '72580', '2025-09-19 03:53:59'),
(158, 'TELAS VYC', 'TELAS VYC', 'fvillar@gemtel.com.mx', '2222365998', '3 ORIENTE NUMERO 2001 COLONIA AZCARATE', 'PUEBLA', '72501', '2025-09-19 03:53:59'),
(159, 'STRIP STEEL', 'STRIP STEEL', 'jmzuniga@stripsteel.com.mx', '2476881340 PLANTA HUAMANTLA', 'TLAXCALTECAS 10-G, CIUDAD INDUSTRIAL XICOHTENCATL II , HUAMANTLA', 'TLAXCALA', '90500', '2025-09-19 03:53:59'),
(160, 'DOMICILIO GABRIELA FLORES TOSTADO', 'DOMICILIO GABRIELA FLORES TOSTADO', 'gabs.fl.tos@gmail.com', '', 'TULA No. 13-A COL. BELLO HORIZONTE, CUAUTLANCINGO', '', '72010', '2025-09-19 03:53:59'),
(161, 'DOMICILIO ALEJANDRA GRADOS (CHOLULA)', 'DOMICILIO ALEJANDRA GRADOS (CHOLULA)', 'alegrados9@gmail.com', '2221782919', '8 ORIENTE NO.405 SAN PEDRO CHOLULA PUE', 'CHOLULA', '77760', '2025-09-19 03:53:59'),
(162, 'DOMICILIO IRMA MORALES', 'DOMICILIO IRMA MORALES', 'irmiusdejesus@gmail.com', '2222190939', 'PRIVADA 111 B PONIENTE, NÚMERO 101, COLONIA LOMA ENCANTADA', 'PUEBLA', '72474', '2025-09-19 03:53:59'),
(163, 'DOMICILIO SR. MICHAEL BENDER', 'DOMICILIO SR. MICHAEL BENDER', 'myliusbender@hotmail.com', '2222845364', '53 A SUR No. 19, SANTA CRUZ BUENA VISTA', 'PUEBLA', '72150', '2025-09-19 03:53:59'),
(164, 'FAMILIA ARTOLA PÉREZ', 'FAMILIA ARTOLA PÉREZ', 'shybsa@gmail.com', '2222130418', 'FUENTE DE DIANA 73 COL. CLUB DE GOLF LAS FUENTES', 'PUEBLA', '72410', '2025-09-19 03:53:59'),
(165, 'DOMICILIO FERNANDO DE UNANUE', 'DOMICILIO FERNANDO DE UNANUE', 'anabettina7@hotmail.com', '2222813668', '5 ORIENTE 2033, COLONIA SAN FRANCISCO TOTIMEHUACÁN', 'PUEBLA', '72960', '2025-09-19 03:53:59'),
(166, 'DOMICILIO CARMEN MURILLO', 'DOMICILIO CARMEN MURILLO', 'carmenmurillo@mcdonaldspuebla.com', '2222111190', 'CALLE 37 PONIENTE NUMERO 103 COLONIA CHULA VISTA', 'PUEBLA', '72420', '2025-09-19 03:53:59'),
(167, 'CASA DE DESCANSO ATLIXCO FAMILIA MENENDEZ', 'CASA DE DESCANSO ATLIXCO FAMILIA MENENDEZ', 'angelesporrerog17@gmail.con', '2227074848', 'CALLE 2 ORIENTE S/N, CAMPESTRE LA JOYA', 'ATLIXCO', '74368', '2025-09-19 03:53:59'),
(168, 'MC DONALD\'S SUCURSAL PLAZA DORADA', 'MC DONALD\'S SUCURSAL PLAZA DORADA', 'dorada@mcdpuebla.com', '2222431858 ALARMA', 'BOULEVARD HEROES DEL 5 DE MAYO No 3126 LOCAL 123-124', 'PUEBLA', '72450', '2025-09-19 03:53:59'),
(169, 'MC DONALD´S SUCURSAL PLAZA CRUZ DEL SUR', 'MC DONALD´S SUCURSAL PLAZA CRUZ DEL SUR', 'cruzdelsur@mcdpuebla.com', '2222268810', 'AV FORJADORES DE PUEBLA No 1009 LOCAL G-1', 'PUEBLA', '72700', '2025-09-19 03:53:59'),
(170, 'DOMICILIO JUAN PABLO VILLAR VIVANCO', 'DOMICILIO JUAN PABLO VILLAR VIVANCO', 'juanpablovillar@prodigy.net.mx', '2222242420', 'CALLE PASEO DEL BOSQUE NUMERO 13 FRACCIONAMIENTO CAMPESTRE DEL BOSQUE , PUEBLA, PUEBLA.', 'PUEBLA', '72115', '2025-09-19 03:53:59'),
(171, 'PEREGRINA SEMINUEVOS MARGARITAS', 'PEREGRINA SEMINUEVOS MARGARITAS', '', '', 'AVENIDA LAS MARGARITAS No. 138A', 'PUEBLA', '72580', '2025-09-19 03:53:59'),
(172, 'NORA DEL CARMEN BOJALIL ZACARIAS', 'NORA DEL CARMEN BOJALIL ZACARIAS', 'josettebojalil@hotmail.com', '2222497493', 'PRIV. 47 A PONIENTE 4712 COL. ESTRELLAS DEL SUR, PUEBLA, PUEBLA,', 'PUEBLA', '72190', '2025-09-19 03:53:59'),
(173, 'SOFT DREAMS SA DE CV', 'SOFT DREAMS SA DE CV', 'diazpepe@hotmail.com', '222 643 8768 ALARMA', 'CALLE ANTIGUO CAMINO A LA RESURECCIÓN NÚMERO 106 BODEGA 1 COLONIA INDIOS VERD, PUEBLA, PUEBLA.,', 'PUEBLA', '72228', '2025-09-19 03:53:59'),
(174, 'DOMICILIO JOSE MANUEL SAENZ FERRETIZ', 'DOMICILIO JOSE MANUEL SAENZ FERRETIZ', 'jmsaenz69@hotmail.com', '2229858598', 'CALLE FRAMBOYANES N.3,FRACCIONAMIENTO EL MIRADOR LA CALERA', 'PUEBLA', '72520', '2025-09-19 03:53:59'),
(175, 'PEREGRINA BODEGA DE AUTOS NUEVOS (LAS COLORADAS)', 'PEREGRINA BODEGA DE AUTOS NUEVOS (LAS COLORADAS)', 'capacitacion@motoresangelopolis.com', '', '2DA CERRADA DE LA 2 SUR No. 5909, LAS COLORADAS', 'PUEBLA', '72582', '2025-09-19 03:53:59'),
(176, 'UPAEP HUAMANTLA PREPARATORIA', 'UPAEP HUAMANTLA PREPARATORIA', '', '2474722550', 'MÉXICO 136, SANTA CLARA, TLAX. KILOMETRO 147.5', 'TLAXCALA', '90508', '2025-09-19 03:53:59'),
(177, 'FABRICA ELECTRONICA FINA PARTICIÓN 1', 'FABRICA ELECTRONICA FINA PARTICIÓN 1', 'espcompras@electronicafina.com.mx', '222 288 7767', 'PROLONGACION DE LA 27 NORTE No 10246, PARQUE INDUSTRIAL 5 DE MAYO , PUEBLA, PUEBLA,', 'PUEBLA', '72019', '2025-09-19 03:53:59'),
(178, 'DOMICILIO FRANCISCO VILLAR VIVANCO', 'DOMICILIO FRANCISCO VILLAR VIVANCO', 'greenhornetst@gmail.com', '2222390988', 'CERRADA DEL PUENTE No 16, FRACC. SANTA CRUZ GUADALUPE', 'PUEBLA', '72150', '2025-09-19 03:53:59'),
(179, 'MC DONALD´S SUCURSAL CIENEGA [PERIMETRAL]', 'MC DONALD´S SUCURSAL CIENEGA [PERIMETRAL]', 'cienega@mcdpuebla.com', '', 'CARRETERA FEDERAL TEHUACAN-PUEBLA No. 1032, CAMINO A MANZANILLA', 'PUEBLA', '72304', '2025-09-19 03:53:59'),
(180, '(P1) CODIPSA HUEJOTZINGO (0053)', '(P1) CODIPSA HUEJOTZINGO (0053)', 'hilatura1@sanfernando.com.mx', '2228823730', 'CIRCUITO ESTEBAN DE ANTUÑADO MZNA 4 LOTE 2 PARQUE INDUSTRIAL CIUDAD TEXTIL HUEJO, HUEJOTZINGO PUEBLA,', 'PUEBLA', '74168', '2025-09-19 03:53:59'),
(181, '(P1) AGENCIA PEREGRINA SAN MARTIN (0369)', '(P1) AGENCIA PEREGRINA SAN MARTIN (0369)', '', '2484849954', 'Carretera Federal México-Puebla km 75.2', 'SAN MARTIN TEXMELUCAN', '74080', '2025-09-19 03:53:59'),
(182, 'DOMICILIO GUADALUPE VIVANCO', 'DOMICILIO GUADALUPE VIVANCO', 'marylupevivanco@gmail.com', '2222430422', '37 PONIENTE No. 136, CHULAVISTA', 'PUEBLA', '72420', '2025-09-19 03:53:59'),
(183, '(P1) AGENCIA PEREGRINA REFORMA', '(P1) AGENCIA PEREGRINA REFORMA', '', '2222423429', 'AVENIDA REFORMA 1308,CENTRO', 'PUEBLA', '72000', '2025-09-19 03:53:59'),
(184, '(P1)-AGENCIA PEREGRINA TEPEACA', '(P1)-AGENCIA PEREGRINA TEPEACA', '', '2232751797', 'AVENIDA 9 ORIENTE No.10, TEPEACA', 'TEPEACA', '75200', '2025-09-19 03:53:59'),
(185, 'DOMICILIO JAIME CARLOS POPOCA LÓPEZ', 'DOMICILIO JAIME CARLOS POPOCA LÓPEZ', '', '2225009618', 'PRIVADA 12 A SUR 6703 COLONIA LOMA LINDA', 'PUEBLA', '72477', '2025-09-19 03:53:59'),
(186, 'UNIDADES BÁSICAS UPAEP HUAMANTLA SECUNDARIA', 'UNIDADES BÁSICAS UPAEP HUAMANTLA SECUNDARIA', '', '2474722926 ALARMA', 'México 136, Santa Clara, Huamantla, Tlax. Kilometro 147.5, HUAMANTLA,TLAXCALA,', 'TLAXCALA', '90500', '2025-09-19 03:53:59'),
(187, '(P1) PEREGRINA AUTOMOTRIZ DEL CENTRO LORETO', '(P1) PEREGRINA AUTOMOTRIZ DEL CENTRO LORETO', '', '2224080400 ALARMA', 'CALZADA IGNACIO ZARAGOZA No 298C, CORREDOR INDUSTRIAL LA CIÉNEGA', 'PUEBLA', '72240', '2025-09-19 03:53:59'),
(188, 'DOMICILIO JOSÉ DANIEL MEDEL Y AGUILAR', 'DOMICILIO JOSÉ DANIEL MEDEL Y AGUILAR', 'josedmedel@hotmail.com', '2222489029 (ALARMA)', '49-A SUR No. 4910 FRACC. ESTRELLA DEL SUR , PUEBLA,PUEBLA ,', 'PUEBLA', '72190', '2025-09-19 03:53:59'),
(189, 'ALEJANDRO LOCAL', 'ALEJANDRO LOCAL', '', '2228982588', 'AVENIDA JUAREZ No. 2113, ZONA ESMERALDA', 'PUEBLA', '72090', '2025-09-19 03:53:59'),
(190, 'DOMICILIO FAM. POPOCA ROSAS', 'DOMICILIO FAM. POPOCA ROSAS', 'scalia.apl@gmail.com', '2224086897', 'AVENIDA 2DA DE JUAREZ No. 6178-3, LEOBARDO COCA', 'PUEBLA', '72450', '2025-09-19 03:53:59'),
(191, 'DOMICILIO JEREZ 13', 'DOMICILIO JEREZ 13', 'bonillajesus022@gmail.com', '2212738958', 'JEREZ 13, PARQUE ZACATECAS, LOMAS DE ANGELOPOLIS', 'PUEBLA', '72830', '2025-09-19 03:53:59'),
(192, 'FAMILIA GUTIERREZ FLORENCIA', 'FAMILIA GUTIERREZ FLORENCIA', 'patriciaflorencic@hotmail.com', '2229487227 SOLO ALARMA', 'CIRCUNVALACIÓN PARAISO SUR, 8120, COLONIA CAMPESTRE PARAISO , PUEBLA, PUEBLA,', 'PUEBLA', '72150', '2025-09-19 03:53:59'),
(193, 'DOMICILIO BECAN 4', 'DOMICILIO BECAN 4', 'abrahambonilla.sesj@gmail.com', '2211099051', 'PRIVADA BECAN 4 PARQUE CAMPECHE, LOMAS DE ANGELOPOLIS', 'PUEBLA', '72930', '2025-09-19 03:53:59'),
(194, 'CASA PUEBLA FAM. LOZADA CABRERA', 'CASA PUEBLA FAM. LOZADA CABRERA', 'lozada_l@yahoo.com', '', 'CERRADA DEL PUENTE No 14, FRACCIONAMIENTO SAN CRUZ GUADALUPE', 'PUEBLA', '72170', '2025-09-19 03:53:59'),
(195, '[P1] ESTACIONAMIENTO LA POTOSINA', '[P1] ESTACIONAMIENTO LA POTOSINA', 'coordinacion@limpiezasinlimites.com', '2228757691', 'AVENIDA 4 PONIENTE No 714, CENTRO', 'PUEBLA', '72000', '2025-09-19 03:53:59'),
(196, 'PEREGRINA AUTOMOTRIZ DEL CENTRO HOJALATERÍA Y PINTURA', 'PEREGRINA AUTOMOTRIZ DEL CENTRO HOJALATERÍA Y PINTURA', '', '2226885569 ALARMA', 'CALLE 9 SUR #107,REFORMA', 'PUEBLA', '72160', '2025-09-19 03:53:59'),
(197, 'DÁVILA ASESORES EN SEGUROS S.C.', 'DÁVILA ASESORES EN SEGUROS S.C.', 'jesus.gomez@davila-associates.com', '2225722686', '43-B SUR 4716 COL. FRACCIONAMIENTO ESTRELLAS DEL SUR , PUEBLA, PUEBLA ,', 'PUEBLA', '72190', '2025-09-19 03:53:59'),
(198, 'DOMICILIO MARÍA DEL CARMEN SAINZ', 'DOMICILIO MARÍA DEL CARMEN SAINZ', 'macasape56@gmail.com', '2222405439', 'CALLE 39 ORIENTE, 2020, COLONIA MIRADOR, PUEBLA, PUEBLA ,', 'PUEBLA', '72530', '2025-09-19 03:53:59'),
(199, 'PEREGRINA BODEGA HYP (2 SUR)', 'PEREGRINA BODEGA HYP (2 SUR)', '', '', 'CALLE BUGAMBILIAS No. 5912, COL. BUGAMBILIAS', 'PUEBLA', '72580', '2025-09-19 03:53:59'),
(200, 'EN PRUEBA SOLO ENVIAR MENSAJE A ARQ. CASTILLO', 'EN PRUEBA SOLO ENVIAR MENSAJE A ARQ. CASTILLO', '', '', 'EN PRUEBA IMPORTANTE ENVIAR MENSAJE A ARQ. CASTILLO', '', '', '2025-09-19 03:53:59'),
(201, 'DOMICILIO MARÍA TERESA ROMERO', 'DOMICILIO MARÍA TERESA ROMERO', 'mater46@hotmail.com', '2229102467 SOLO ALARMA', 'CALLE 11 NORTE, NÚMERO 4402, COLONIA SANTA MARÍA', 'PUEBLA', '72080', '2025-09-19 03:53:59'),
(202, 'PEREGRINA 16 DE SEPTIEMBRE SUCURSAL BUGAMBILIAS', 'PEREGRINA 16 DE SEPTIEMBRE SUCURSAL BUGAMBILIAS', '', '2221967038 ALARMA', '16 de Septiembre 5970, El Cerrito', 'PUEBLA', '72580', '2025-09-19 03:53:59'),
(203, 'MARCO GRADOS', 'MARCO GRADOS', 'magrados@yahoo.com.mx', '', 'CALLE 27 SUR No. 113, SAN CRISTOBAL TEPONTLA', 'CHOLULA', '72765', '2025-09-19 03:53:59'),
(204, 'IMPEX EL CARMEN', 'IMPEX EL CARMEN', 'myunes@impexcocinasyequipos.com', '2222261352', '25 PONIENTE No. 304, EL CARMEN', 'PUEBLA', '72000', '2025-09-19 03:53:59'),
(205, 'DOMICILIO JUAN CARLOS HACES SORDO', 'DOMICILIO JUAN CARLOS HACES SORDO', 'juancahs@yahoo.com.mx', '2222441425 (ALARMA)', 'ACACIAS CENTRAL No. 3, BOSQUES ANGELOPOLIS , PUEBLA, PUEBLA ,', 'PUEBLA', '72460', '2025-09-19 03:53:59'),
(206, 'MULTICLIPS TALLER 2', 'MULTICLIPS TALLER 2', 'rmiranda@emetalicas.com.mx', '2224558800', 'CALLE PINOS No. 2446', 'PUEBLA', '72595', '2025-09-19 03:53:59'),
(207, 'TALLER MECÁNICO GARAY', 'TALLER MECÁNICO GARAY', 'jorge.garay.6@hotmail.com', '2222244082 ALARMA', '26 PONIENTE No. 5305, COL. AQUILES SERDÁN , PUEBLA, PUEBLA,', 'PUEBLA', '72140', '2025-09-19 03:53:59'),
(208, 'DOMICILIO EDUARDO SOLANA DEUNANUE', 'DOMICILIO EDUARDO SOLANA DEUNANUE', 'eduardo@solana.mx', '2222813954 ALARMA', 'BOULEVARD CARLOS CAMACHO 2445, COLONIA SAN FRANCISCO TOTIMEHUACAN', 'PUEBLA', '72595', '2025-09-19 03:53:59'),
(209, 'FAMILIA ALARCÓN ARRATIA', 'FAMILIA ALARCÓN ARRATIA', 'mauxi_a@yahoo.com.mx', '2222111168 ALARMA', 'CALLE ACATLÁN 84, COLONIA LA PAZ, PUEBLA', 'PUEBLA', '72160', '2025-09-19 03:53:59'),
(210, 'UNIDAD MÉDICA', 'UNIDAD MÉDICA', 'iperu06@hotmail.com', '2221309732 ALARMA', '13 SUR NUMERO 1903-B BARRIO DE SANTIAGO, PUEBLA, PUEBLA', 'PUEBLA', '72410', '2025-09-19 03:53:59'),
(211, 'NEGOCIO DEL SR MARIO GARZA VILLAR', 'NEGOCIO DEL SR MARIO GARZA VILLAR', 'letyventas@outlook.com', '2226367123 ALARMA', 'AV 37 ORIENTE # 2003 LOCAL B COL. EL MIRADOR, PUEBLA PUEBLA,', 'PUEBLA', '72540', '2025-09-19 03:53:59'),
(212, 'EL CENTRO MADERERO SA DE CV', 'EL CENTRO MADERERO SA DE CV', 'i_barquin@hotmail.com', '2222465611 ALARMA', '18 PONIENTE No 1919 COL. CENTRO', 'PUEBLA', '72080', '2025-09-19 03:53:59'),
(213, 'PUERTAS Y ALUMINIO DEL CENTRO SA DE CV', 'PUERTAS Y ALUMINIO DEL CENTRO SA DE CV', 'gerardo.arriata@gmail.com', '2222378929', '7 SUR NUMERO 2516, CHULA VISTA, PUEBLA, PUEBLA.,', 'PUEBLA', '72423', '2025-09-19 03:53:59'),
(214, 'EDIFICIO MARINA', 'EDIFICIO MARINA', 'inmar_g@hotmail.com', '2222494091 ALARMA', 'AVENIDA JUAREZ 2924 INTERIOR 505 COLONIA LA PAZ, PUEBLA, PUEBLA', 'PUEBLA', '72160', '2025-09-19 03:53:59'),
(215, 'REPRESENTACIONES DE AUDIO', 'REPRESENTACIONES DE AUDIO', 'egalindo@repdeaudio.com.mx', '2222301041 ALARMA', 'DIAGONAL 19 PONIENTE#3303 LOCAL 1 COLONIA SANTA CRUZ LOS ANGELES , PUEBLA, PUEBLA,', 'PUEBLA', '72400', '2025-09-19 03:53:59'),
(216, '0136 - INMOBILIARIA VOLCANES DE PUEBLA S.A DE C.V.', '0136 - INMOBILIARIA VOLCANES DE PUEBLA S.A DE C.V.', 'inmobiliariavolcanes@hotmail.com', '222 232 7142 ALARMA', 'AV. 13 ORIENTE NÚMERO 11 COL. CENTRO , PUEBLA, PUEBLA,', 'PUEBLA', '72530', '2025-09-19 03:53:59'),
(217, '0195 - DOMICILIO DE LA SEÑORA GABRIELA PEREGRINA CARPENTER.', '0195 - DOMICILIO DE LA SEÑORA GABRIELA PEREGRINA CARPENTER.', 'davyd_130764@hotmail.com', '2223750257 ALARMA', 'CALLE KENTIA NUMERO 97, FRACCIONAMIENTO PALMA SOLA., SAN ANDRES CHOLULA, PUEBLA.,', 'SAN ANDRES CHOLULA', '72810', '2025-09-19 03:53:59'),
(218, '0309 - FARMACIA MEDINA SUCURSAL SAN FELIPE', '0309 - FARMACIA MEDINA SUCURSAL SAN FELIPE', '', '2224032963 ALARMA', 'Blvd San Felipe 112B, Villa Posadas, PUEBLA PUEBLA,', 'PUEBLA', '72060', '2025-09-19 03:53:59'),
(219, '0310 - FARMACIA MEDINA SUCURSAL PLAZA W ANGELÓPOLIS', '0310 - FARMACIA MEDINA SUCURSAL PLAZA W ANGELÓPOLIS', '', '2224052566 ALARMA', 'Vía Atlixcayolt 3245 Locales 118 y 119,Plaza W,Ex Hacienda San Martinito, PUEBLA PUEBLA,', 'PUEBLA', '72825', '2025-09-19 03:53:59'),
(220, '0003 - DOMICILIO MÓNICA PEREGRINA LÓPEZ', '0003 - DOMICILIO MÓNICA PEREGRINA LÓPEZ', 'peregrinamonica@yahoo.com.mx', '2222345348 ALARMA', 'OLIVOS 9 COL MIRADOR LA CALERA', 'PUEBLA', '72520', '2025-09-19 03:53:59'),
(221, '0141 - DOMICILIO MARTHA VERONICA SANTIAGO MUÑOZ', '0141 - DOMICILIO MARTHA VERONICA SANTIAGO MUÑOZ', 'marthavsm@hotmail.com', '2229327698 ALARMA', '30 SUR 3308 CASA 2 COL. LÓPEZ PORTILLO , PUEBLA, PUEBLA,', 'PUEBLA', '72510', '2025-09-19 03:53:59'),
(222, 'PEREGRINA ZAVALETA', 'PEREGRINA ZAVALETA', '', '', 'CALZADA ZAVALETA No. 5531, RESERVA TERRITORIAL ATLIXCAYOTL, CONCEPCION LA CRUZ.', 'PUEBLA', '72836', '2025-09-19 03:53:59'),
(223, 'DRA. TERESA CARMONA', 'DRA. TERESA CARMONA', 'tercarruiz@hotmail.com', '2222110583', '12 A SUR 3105-B COL. ANZURES , PUEBLA,PUEBLA,', 'PUEBLA', '72500', '2025-09-19 03:53:59'),
(224, 'DOMICILIO IVETTE BOJALIL VELAZQUEZ', 'DOMICILIO IVETTE BOJALIL VELAZQUEZ', 'ivetteboza@hotmail.com', '2222300205 ALARMA', '49 B SUR No. 5119 COL. ESTRELLA DEL SUR', 'PUEBLA', '72190', '2025-09-19 03:53:59'),
(225, '0065 - MEDICAL SHARE', '0065 - MEDICAL SHARE', 'nora12.albores@gmail.com', '222 918 8493 ALARMA', 'PRIVADA 9 \"B\" SUR No 3714 COL.GABRIEL PASTOR, PUEBLA PUEBLA,', 'PUEBLA', '72420', '2025-09-19 03:53:59'),
(226, 'DOMICILIO BERTHA ALICIA MUÑOZ BERNAL', 'DOMICILIO BERTHA ALICIA MUÑOZ BERNAL', 'bamunoz@yahoo.com', '2222440002', 'DIAGONAL 5 B SUR No. 510, COLONIA VILLA ENCANTADA, PUEBLA, PUEBLA,', 'PUEBLA', '72440', '2025-09-19 03:53:59'),
(227, 'VIRTUAL BUSINESS OFFICE PUEBLA', 'VIRTUAL BUSINESS OFFICE PUEBLA', 'contacto@cbop.com.mx', '2225027717 ALARMA', 'CTO JUAN PABLO II 2723-301, PRADOS AGUA AZUL, PUEBLA, PUEBLA.,', 'PUEBLA', '72400', '2025-09-19 03:53:59'),
(228, 'DOMICILIO EMILIO ANTONIO CONTRERAS GONZÁLEZ', 'DOMICILIO EMILIO ANTONIO CONTRERAS GONZÁLEZ', 'emiliantoniocontrerasgonzalez@gmail.com', '2229462057 ALARMA', 'CALLE 5-A SUR 4730, COLONIA HUEXOTITLA', 'PUEBLA', '72534', '2025-09-19 03:53:59');
INSERT INTO `clients` (`id`, `name`, `company`, `email`, `phone`, `address`, `province_state`, `postal_code`, `created_at`) VALUES
(229, '0183 - DOMICILIO MARÍA DEL ROCÍO GARCÍA OLMEDO', '0183 - DOMICILIO MARÍA DEL ROCÍO GARCÍA OLMEDO', 'rociog51@hotmail.com', '2222304608', '51 SUR 5104, FRACC.ESTRELLA DEL SUR, PUEBLA, PUEBLA', 'PUEBLA', '72190', '2025-09-19 03:53:59'),
(230, '0134 - DOMICILIO MARIA DE LOURDES IBARRA SERRANO', '0134 - DOMICILIO MARIA DE LOURDES IBARRA SERRANO', 'yuyaibaco@hotmail.com', '2222960769 ALARMA', 'SANTA MARÍA No. 9 FRACCIONAMIENTO RINCÓN DE LAS AMÉRICAS, SAN ANDRÉS CHOLULA, PUEBLA ,', 'SAN ANDRES CHOLULA', '72814', '2025-09-19 03:53:59'),
(231, 'MATERIALES ZAVALETA', 'MATERIALES ZAVALETA', 'materialeszavaleta@gmail.com', '2222497869 ALARMA', 'CALZADA ZAVALETA NÚMERO 1941, COL. SANTA CRUZ BUENAVISTA', 'PUEBLA', '72154', '2025-09-19 03:53:59'),
(232, '0149 - MANUEL ABASCAL SANTILLANA', '0149 - MANUEL ABASCAL SANTILLANA', 'bernal_i@hotmail.com', '2222956107 SOLO ALARMA', 'CALLE WINNIPEG #9, CLUSTER/PARQUE NATURA 1, LOMAS DE ANGELÓPOLIS, PUEBLA,', 'PUEBLA', '72865', '2025-09-19 03:53:59'),
(233, '0124 DOMICILIO FAMILIA PEREGRINA CABRERA', '0124 DOMICILIO FAMILIA PEREGRINA CABRERA', 'patriciacabrera_2000@yahoo.com', '2222357374 ALARMA', 'CALLE OLIVOS S/N, COLONIA MIRADOR LA CALERA', 'PUEBLA', '72520', '2025-09-19 03:53:59'),
(234, 'BODEGA RAFAEL MENENDEZ RUGARCIA', 'BODEGA RAFAEL MENENDEZ RUGARCIA', 'rafaelmenendez_91@hotmail.com', '2222993309', 'Av. Juan Palafox y Mendoza # 2806 Colonia Resurgimiento', 'PUEBLA', '72373', '2025-09-19 03:53:59'),
(235, '0063 DOMICILIO MIGUEL ÁNGEL DE LA GARZA MARTIN', '0063 DOMICILIO MIGUEL ÁNGEL DE LA GARZA MARTIN', 'miguel.angel.de.la.garza@hotmail.com', '2222440955 ALARMA', 'RÍO XONACA 5111 COL.VILLA CARMEL, PUEBLA, PUE.,', 'PUEBLA', '72567', '2025-09-19 03:53:59'),
(236, 'DOMICILIO CECILIA CASTELLANOS', '(0234) DOMICILIO CECILIA CASTELLANOS', 'velazquezabel@hotmail.com', '2222836029 ALARMA', 'CIRCUITO LOS ENCINOS 2409-51 FRACIONAMIENTO LOS ENCINOS, SAN ANDRES CHOLULA ,', 'SAN ANDRES CHOLULA', '72813', '2025-09-19 03:53:59');

-- --------------------------------------------------------

--
-- Estructura de tabla para la tabla `client_emails`
--

CREATE TABLE IF NOT EXISTS `client_emails` (
  `id` int NOT NULL AUTO_INCREMENT,
  `client_id` int NOT NULL,
  `email` varchar(190) COLLATE utf8mb4_unicode_ci NOT NULL,
  `created_at` timestamp NOT NULL DEFAULT CURRENT_TIMESTAMP,
  PRIMARY KEY (`id`),
  UNIQUE KEY `u_client_email` (`client_id`,`email`),
  KEY `idx_email` (`email`)
) ENGINE=InnoDB AUTO_INCREMENT=247 DEFAULT CHARSET=utf8mb4 COLLATE=utf8mb4_unicode_ci;

--
-- Volcado de datos para la tabla `client_emails`
--

INSERT INTO `client_emails` (`id`, `client_id`, `email`, `created_at`) VALUES
(1, 2, 'analorevelasco@yahoo.com.mx', '2025-09-19 03:53:58'),
(2, 3, 'marisoldiazprieto@yahoo.com.mx', '2025-09-19 03:53:58'),
(3, 4, 'jagarmendiad@msn.com', '2025-09-19 03:53:58'),
(4, 5, 'consultoriosbn@housingmx.com', '2025-09-19 03:53:58'),
(5, 6, 'gerencia_puebla@roto.com.mx', '2025-09-19 03:53:58'),
(6, 6, 'cartera_puebla@roto.com.mx', '2025-09-19 03:53:58'),
(7, 7, 'dra_lupina2@hotmail.com', '2025-09-19 03:53:58'),
(8, 8, 'mgancedo@gmail.com', '2025-09-19 03:53:58'),
(9, 8, 'cgancedor@hotmail.com', '2025-09-19 03:53:58'),
(10, 8, 'gancedo@prodigy.net.mx', '2025-09-19 03:53:58'),
(11, 8, 'malgan@hotmail.com', '2025-09-19 03:53:58'),
(12, 10, 'emeliazeron@gmail.com', '2025-09-19 03:53:58'),
(13, 10, 'akasusky@ksautomatide.mx', '2025-09-19 03:53:58'),
(14, 11, 'dr.octavio.h@gmail.com', '2025-09-19 03:53:58'),
(15, 12, 'manuel@falanx.com.mx', '2025-09-19 03:53:58'),
(16, 13, 'anafort1941@gmail.com', '2025-09-19 03:53:58'),
(17, 14, 'jmanuel@grupotelnet.com.mx', '2025-09-19 03:53:58'),
(18, 14, 'jjaimes@grupotelnet.com.mx', '2025-09-19 03:53:58'),
(19, 14, 'maesther@grupotelnet.com.mx', '2025-09-19 03:53:58'),
(20, 15, 'epolo69@hotmail.com', '2025-09-19 03:53:58'),
(21, 16, 'edith.aida62@gmail.com', '2025-09-19 03:53:58'),
(22, 16, 'segurosolana@gmail.com', '2025-09-19 03:53:58'),
(23, 17, 'gaby_130764@hotmail.com', '2025-09-19 03:53:58'),
(24, 18, 'gema.arminio@hotmail.com', '2025-09-19 03:53:58'),
(25, 19, 'gusperleo@hotmail.com', '2025-09-19 03:53:58'),
(26, 19, 'mariaeugenia.ibarraran@gmail.com', '2025-09-19 03:53:58'),
(27, 20, 'carloss0808@hotmail.com', '2025-09-19 03:53:58'),
(28, 21, 'contabilidad@sanfernando.com.mx', '2025-09-19 03:53:58'),
(29, 22, 'mtzmtzpaty@hotmail.com', '2025-09-19 03:53:58'),
(30, 24, 'lupitapuebla@live.com.mx', '2025-09-19 03:53:58'),
(31, 24, 'miguel.angel.de.la.garza@hotmail.com', '2025-09-19 03:53:58'),
(32, 25, 'adriana.serret@medinavirtual.com', '2025-09-19 03:53:58'),
(33, 25, 'lalylulu@yahoo.com', '2025-09-19 03:53:58'),
(34, 26, 'campos.limon@gmail.com', '2025-09-19 03:53:58'),
(35, 27, 'salmasoc53@prodigy.net.mx', '2025-09-19 03:53:58'),
(36, 28, 'raquelteranbonilla@gmail.com', '2025-09-19 03:53:58'),
(37, 29, 'elizavrgaradiaz@hotmail.com', '2025-09-19 03:53:58'),
(38, 31, 'gerardotreina@hotmail.com', '2025-09-19 03:53:58'),
(39, 32, 'tanuz@yahoo.com', '2025-09-19 03:53:58'),
(40, 34, 'felicheg@hotmail.com', '2025-09-19 03:53:58'),
(41, 34, 'yamelg@entretierras.com', '2025-09-19 03:53:58'),
(42, 34, 'yamelg@gmail.com', '2025-09-19 03:53:58'),
(43, 34, 'soluciones@scalia.com.mx', '2025-09-19 03:53:58'),
(44, 34, 'bitacoa@scalia.com.mx', '2025-09-19 03:53:58'),
(45, 35, 'fobpbcsanangel@aeromexico.com', '2025-09-19 03:53:58'),
(46, 36, 'laceresa@arteventas.com', '2025-09-19 03:53:58'),
(47, 37, 'ing.alfgaro@hotmail.com', '2025-09-19 03:53:58'),
(48, 37, 'ventas@angstrom.com.mx', '2025-09-19 03:53:58'),
(49, 37, 'ingenieria@angstrom.com.mx', '2025-09-19 03:53:58'),
(50, 37, 'ingrid_garci@hotmail.com', '2025-09-19 03:53:58'),
(51, 37, 'lula.caden@hotmail.com', '2025-09-19 03:53:58'),
(52, 38, 'ingenieria@angstrom.com.mx', '2025-09-19 03:53:58'),
(53, 38, 'controlelectrico66@hotmail.com', '2025-09-19 03:53:58'),
(54, 38, 'lula.cadena@hotmail.com', '2025-09-19 03:53:58'),
(55, 38, 'ingrid_garaa@hotmail.com', '2025-09-19 03:53:58'),
(56, 38, 'nuria_alline@hotmail.com', '2025-09-19 03:53:58'),
(57, 39, 'sociedades@notaria9puebla.com.mx', '2025-09-19 03:53:58'),
(58, 40, 'diegoruanova@prodigy.net.mx', '2025-09-19 03:53:58'),
(59, 41, 'morenovalle@hotmail.com', '2025-09-19 03:53:58'),
(60, 42, 'raulmezalopez@yahoo.com', '2025-09-19 03:53:58'),
(61, 43, 'auxiliar1@wjm.com.mx', '2025-09-19 03:53:58'),
(62, 44, 'universidadcristobalcolon@hotmail.com', '2025-09-19 03:53:58'),
(63, 45, 'lorencarr@yahoo.com', '2025-09-19 03:53:58'),
(64, 47, 'sisnep@prodigy.net.mx', '2025-09-19 03:53:58'),
(65, 48, 'admon1@zara-fi.com', '2025-09-19 03:53:58'),
(66, 49, 'mago92605@gmail.com', '2025-09-19 03:53:58'),
(67, 50, 'robles.guiriore@gmail.com', '2025-09-19 03:53:58'),
(68, 51, 'bonilla@audiovisual.com.mx', '2025-09-19 03:53:58'),
(69, 52, 'facturaabrhan@gmail.com', '2025-09-19 03:53:58'),
(70, 53, 'gerencia@hperegrina.com.mx', '2025-09-19 03:53:58'),
(74, 54, 'rehabilitacionsanper@yahoo.com.mx', '2025-09-19 03:53:58'),
(75, 55, 'concepcionbusquets@hotmail.com', '2025-09-19 03:53:58'),
(76, 56, 'direccion.cholula@quicklearning.com', '2025-09-19 03:53:58'),
(77, 57, 'javiervmialma@hotmail.com', '2025-09-19 03:53:58'),
(78, 58, 'gerencia@nsstore.com', '2025-09-19 03:53:58'),
(79, 59, 'ventas2@nsstore.mx', '2025-09-19 03:53:58'),
(80, 60, 'subdiroperativa@ucristobalcolon.edu.mx', '2025-09-19 03:53:58'),
(81, 61, 'celinazepeda@hotmail.com', '2025-09-19 03:53:58'),
(82, 62, 'pedrohidalga@servitex.com.mx', '2025-09-19 03:53:58'),
(83, 63, 'arturotorres@yahoo.com.mx', '2025-09-19 03:53:58'),
(84, 64, 'vgradosa@hotmail.com', '2025-09-19 03:53:58'),
(85, 65, 'aspinwall53@gmail.com.mx', '2025-09-19 03:53:58'),
(86, 66, 'alexiogalindo@hotmail.com', '2025-09-19 03:53:58'),
(87, 67, 'alfonso_eldo@hotmail.com', '2025-09-19 03:53:58'),
(88, 68, 'dnunup@hotmail.com', '2025-09-19 03:53:58'),
(89, 69, 'inmobiliariaromarpuebla@hotmail.com', '2025-09-19 03:53:58'),
(90, 70, 'anacamlop@hotmail.com', '2025-09-19 03:53:58'),
(91, 71, 'dulce-juridico2008@hotmail.com', '2025-09-19 03:53:58'),
(92, 72, 'layfer30@hotmail.com', '2025-09-19 03:53:58'),
(93, 73, 'jmanulgaliciar@hotmail.com', '2025-09-19 03:53:58'),
(94, 74, 'verpel@yahoo.com', '2025-09-19 03:53:58'),
(95, 75, 'lore-cris@yahoo.com', '2025-09-19 03:53:58'),
(96, 75, 'inmobiliariavolcanes@hotmail.com', '2025-09-19 03:53:58'),
(97, 76, 'papelerianofer@prodigy.net.mx', '2025-09-19 03:53:58'),
(99, 77, 'silviazehenybadry@yahoo.com.es', '2025-09-19 03:53:58'),
(100, 78, 'karina.vazquez@arotechnologies.com', '2025-09-19 03:53:58'),
(102, 79, 'narroyo@grupoconservas.mx', '2025-09-19 03:53:58'),
(103, 79, 'gmendoza@grupoconserva.mx', '2025-09-19 03:53:58'),
(104, 80, 'rodolfo.morales63@hotmail.com', '2025-09-19 03:53:58'),
(105, 81, 'smorales@quicklearning.com', '2025-09-19 03:53:58'),
(106, 81, 'direccion.libertad@quicklearning.com', '2025-09-19 03:53:58'),
(107, 81, 'ventas.libertad@quicklearning.com', '2025-09-19 03:53:58'),
(108, 82, 'angykar01@yahoo.com.mx', '2025-09-19 03:53:58'),
(109, 83, 'calducin@grupoconserva.mx', '2025-09-19 03:53:58'),
(110, 84, 'arcangeles@mcdpuebla.com', '2025-09-19 03:53:58'),
(111, 85, 'parquepuebla@mcdpuebla.com', '2025-09-19 03:53:58'),
(112, 86, 'galerias@mcdpuebla.com', '2025-09-19 03:53:58'),
(113, 87, 'zocalo@mcdpuebla.com', '2025-09-19 03:53:58'),
(114, 88, 'mlopez@mcdpuebla.com', '2025-09-19 03:53:58'),
(116, 89, 'sandiego@mcdpuebla.com', '2025-09-19 03:53:58'),
(117, 90, 'norte@mcdpuela.com', '2025-09-19 03:53:58'),
(118, 91, 'sanpedro@mcdpuebla.com', '2025-09-19 03:53:58'),
(120, 92, 'angelopolis@mcdpuebla.com', '2025-09-19 03:53:58'),
(121, 93, 'outlet@mcdpuebla.com', '2025-09-19 03:53:58'),
(122, 94, 'aguasanta@mcdpuebla.com', '2025-09-19 03:53:58'),
(123, 95, 'cholula@mcdpuebla.com', '2025-09-19 03:53:58'),
(128, 125, 'hjexhibimuebles@hotmail.com', '2025-09-19 03:53:59'),
(129, 125, 'hjsalapuebla@gmail.com', '2025-09-19 03:53:59'),
(136, 131, 'nieto03@hotmail.com', '2025-09-19 03:53:59'),
(137, 132, 'fytestrella@outlook.com', '2025-09-19 03:53:59'),
(138, 132, 'fyt.ventas1@hotmail.com', '2025-09-19 03:53:59'),
(139, 133, 'anna_paolag@hotmail.com', '2025-09-19 03:53:59'),
(140, 134, 'pepehmx@gmail.com', '2025-09-19 03:53:59'),
(141, 135, 'fernandavc@notaria1cholula.com', '2025-09-19 03:53:59'),
(142, 135, 'atencionaclientes@notaria1cholula.com', '2025-09-19 03:53:59'),
(143, 136, 'tere.martinez.l@hotmail.com', '2025-09-19 03:53:59'),
(144, 137, 'crystal@mcdpuebla.com', '2025-09-19 03:53:59'),
(145, 138, 'virginia.gf2013@gmail.com', '2025-09-19 03:53:59'),
(146, 141, 'mvivanco@mcdonaldspuebla.com', '2025-09-19 03:53:59'),
(147, 144, 'js@peregrinalujo.com', '2025-09-19 03:53:59'),
(148, 145, 'fernando@sanfernando.com.mx', '2025-09-19 03:53:59'),
(149, 146, 'mariaelenagonzalezmoreno42@gmail.com', '2025-09-19 03:53:59'),
(150, 147, 'josea.gabriel@arteventas.com', '2025-09-19 03:53:59'),
(151, 148, 'dario.esteves@aireyproceso.com', '2025-09-19 03:53:59'),
(152, 148, 'ramon.esteves@aireyproceso.com', '2025-09-19 03:53:59'),
(153, 149, 'denisesedas@gmail.com', '2025-09-19 03:53:59'),
(154, 150, 'iocejo@hotmail.com', '2025-09-19 03:53:59'),
(155, 151, 'mardisaav@hotmail.com', '2025-09-19 03:53:59'),
(156, 152, 'fyt.ventas1@hotmail.com', '2025-09-19 03:53:59'),
(157, 152, 'fytestrella@outlook.com', '2025-09-19 03:53:59'),
(158, 153, 'marisaosr@hotmail.com', '2025-09-19 03:53:59'),
(159, 153, 'joseortiz87@gmail.com', '2025-09-19 03:53:59'),
(160, 154, 'logistica@qualitytrade.com.mx', '2025-09-19 03:53:59'),
(163, 155, 'tecau82@hotmail.com', '2025-09-19 03:53:59'),
(164, 156, 'jobecano@gmail.com', '2025-09-19 03:53:59'),
(166, 158, 'fvillar@gemtel.com.mx', '2025-09-19 03:53:59'),
(167, 159, 'jmzuniga@stripsteel.com.mx', '2025-09-19 03:53:59'),
(168, 160, 'gabs.fl.tos@gmail.com', '2025-09-19 03:53:59'),
(169, 161, 'alegrados9@gmail.com', '2025-09-19 03:53:59'),
(170, 162, 'irmiusdejesus@gmail.com', '2025-09-19 03:53:59'),
(171, 163, 'myliusbender@hotmail.com', '2025-09-19 03:53:59'),
(172, 164, 'shybsa@gmail.com', '2025-09-19 03:53:59'),
(173, 165, 'anabettina7@hotmail.com', '2025-09-19 03:53:59'),
(174, 166, 'carmenmurillo@mcdonaldspuebla.com', '2025-09-19 03:53:59'),
(175, 167, 'angelesporrerog17@gmail.con', '2025-09-19 03:53:59'),
(176, 168, 'dorada@mcdpuebla.com', '2025-09-19 03:53:59'),
(177, 169, 'cruzdelsur@mcdpuebla.com', '2025-09-19 03:53:59'),
(179, 170, 'juanpablovillar@prodigy.net.mx', '2025-09-19 03:53:59'),
(180, 172, 'josettebojalil@hotmail.com', '2025-09-19 03:53:59'),
(181, 173, 'diazpepe@hotmail.com', '2025-09-19 03:53:59'),
(182, 174, 'jmsaenz69@hotmail.com', '2025-09-19 03:53:59'),
(184, 175, 'capacitacion@motoresangelopolis.com', '2025-09-19 03:53:59'),
(186, 177, 'espcompras@electronicafina.com.mx', '2025-09-19 03:53:59'),
(187, 178, 'greenhornetst@gmail.com', '2025-09-19 03:53:59'),
(188, 179, 'cienega@mcdpuebla.com', '2025-09-19 03:53:59'),
(189, 180, 'hilatura1@sanfernando.com.mx', '2025-09-19 03:53:59'),
(190, 180, 'fernando@sanfernando.com.mx', '2025-09-19 03:53:59'),
(192, 145, 'contabilidad@sanfernando.com.mx', '2025-09-19 03:53:59'),
(193, 182, 'marylupevivanco@gmail.com', '2025-09-19 03:53:59'),
(194, 188, 'josedmedel@hotmail.com', '2025-09-19 03:53:59'),
(195, 190, 'scalia.apl@gmail.com', '2025-09-19 03:53:59'),
(196, 191, 'bonillajesus022@gmail.com', '2025-09-19 03:53:59'),
(197, 192, 'patriciaflorencic@hotmail.com', '2025-09-19 03:53:59'),
(198, 193, 'abrahambonilla.sesj@gmail.com', '2025-09-19 03:53:59'),
(200, 194, 'lozada_l@yahoo.com', '2025-09-19 03:53:59'),
(202, 195, 'coordinacion@limpiezasinlimites.com', '2025-09-19 03:53:59'),
(205, 197, 'jesus.gomez@davila-associates.com', '2025-09-19 03:53:59'),
(206, 198, 'macasape56@gmail.com', '2025-09-19 03:53:59'),
(207, 201, 'mater46@hotmail.com', '2025-09-19 03:53:59'),
(208, 203, 'magrados@yahoo.com.mx', '2025-09-19 03:53:59'),
(209, 204, 'myunes@impexcocinasyequipos.com', '2025-09-19 03:53:59'),
(210, 205, 'juancahs@yahoo.com.mx', '2025-09-19 03:53:59'),
(211, 206, 'rmiranda@emetalicas.com.mx', '2025-09-19 03:53:59'),
(212, 206, 'rcervantes@emetalicas.com.mx', '2025-09-19 03:53:59'),
(213, 207, 'jorge.garay.6@hotmail.com', '2025-09-19 03:53:59'),
(214, 208, 'eduardo@solana.mx', '2025-09-19 03:53:59'),
(215, 208, 'ay-valla@yahoo.com.mx', '2025-09-19 03:53:59'),
(216, 209, 'mauxi_a@yahoo.com.mx', '2025-09-19 03:53:59'),
(217, 209, 'taicoalarcon@gmail.com', '2025-09-19 03:53:59'),
(218, 210, 'iperu06@hotmail.com', '2025-09-19 03:53:59'),
(219, 211, 'letyventas@outlook.com', '2025-09-19 03:53:59'),
(220, 212, 'i_barquin@hotmail.com', '2025-09-19 03:53:59'),
(221, 213, 'gerardo.arriata@gmail.com', '2025-09-19 03:53:59'),
(222, 214, 'inmar_g@hotmail.com', '2025-09-19 03:53:59'),
(223, 215, 'egalindo@repdeaudio.com.mx', '2025-09-19 03:53:59'),
(224, 216, 'inmobiliariavolcanes@hotmail.com', '2025-09-19 03:53:59'),
(226, 217, 'davyd_130764@hotmail.com', '2025-09-19 03:53:59'),
(227, 220, 'peregrinamonica@yahoo.com.mx', '2025-09-19 03:53:59'),
(229, 221, 'marthavsm@hotmail.com', '2025-09-19 03:53:59'),
(230, 223, 'tercarruiz@hotmail.com', '2025-09-19 03:53:59'),
(231, 224, 'ivetteboza@hotmail.com', '2025-09-19 03:53:59'),
(232, 225, 'nora12.albores@gmail.com', '2025-09-19 03:53:59'),
(233, 226, 'bamunoz@yahoo.com', '2025-09-19 03:53:59'),
(234, 227, 'contacto@cbop.com.mx', '2025-09-19 03:53:59'),
(235, 228, 'emiliantoniocontrerasgonzalez@gmail.com', '2025-09-19 03:53:59'),
(236, 229, 'rociog51@hotmail.com', '2025-09-19 03:53:59'),
(238, 230, 'yuyaibaco@hotmail.com', '2025-09-19 03:53:59'),
(239, 231, 'materialeszavaleta@gmail.com', '2025-09-19 03:53:59'),
(240, 232, 'bernal_i@hotmail.com', '2025-09-19 03:53:59'),
(242, 233, 'patriciacabrera_2000@yahoo.com', '2025-09-19 03:53:59'),
(243, 234, 'rafaelmenendez_91@hotmail.com', '2025-09-19 03:53:59'),
(244, 235, 'miguel.angel.de.la.garza@hotmail.com', '2025-09-19 03:53:59'),
(245, 235, 'lupitapuebla@live.com.mx', '2025-09-19 03:53:59'),
(246, 236, 'velazquezabel@hotmail.com', '2025-09-19 03:53:59');

-- --------------------------------------------------------

--
-- Estructura de tabla para la tabla `products`
--

CREATE TABLE IF NOT EXISTS `products` (
  `id` int NOT NULL AUTO_INCREMENT,
  `sku` varchar(16) NOT NULL,
  `name` varchar(200) NOT NULL,
  `description` text,
  `category` varchar(100) DEFAULT NULL,
  `price` decimal(12,2) NOT NULL DEFAULT '0.00',
  `stock` int NOT NULL DEFAULT '0',
  `created_by` int DEFAULT NULL,
  `created_at` timestamp NOT NULL DEFAULT CURRENT_TIMESTAMP,
  PRIMARY KEY (`id`),
  UNIQUE KEY `sku` (`sku`),
  KEY `created_by` (`created_by`)
) ENGINE=InnoDB AUTO_INCREMENT=6 DEFAULT CHARSET=latin1;

--
-- Volcado de datos para la tabla `products`
--

INSERT INTO `products` (`id`, `sku`, `name`, `description`, `category`, `price`, `stock`, `created_by`, `created_at`) VALUES
(1, 'CCTV00A1', 'Cámara IP 4MP IR', 'Cámara de videovigilancia 4MP con IR 30m', 'CCTV', 1299.00, 15, NULL, '2025-09-11 15:08:33'),
(2, 'CTRL0B22', 'Control de Acceso Biométrico', 'Lector biométrico con tarjeta y pin', 'Control de Acceso', 3199.00, 8, NULL, '2025-09-11 15:08:33'),
(3, 'ALRM0C33', 'Panel de Alarma 8 Zonas', 'Panel de alarma con GSM', 'Alarmas', 2499.00, 6, NULL, '2025-09-11 15:08:33'),
(4, 'B41C0ECF', 'asdf sdaf sdf sad sa fsd', 'sd fasdf sdfsdfsad fasdf sad f', 'Domotica', 1544.00, 22, 1, '2025-09-19 04:01:11'),
(5, 'E0BBDD4E', 'adasdasdds', 'asd asdas asd', 'CCTV', 2524.00, 44, 1, '2025-09-19 04:01:26');

-- --------------------------------------------------------

--
-- Estructura de tabla para la tabla `quotes`
--

CREATE TABLE IF NOT EXISTS `quotes` (
  `id` int NOT NULL AUTO_INCREMENT,
  `customer` varchar(200) NOT NULL,
  `client_id` int DEFAULT NULL,
  `notes` varchar(500) DEFAULT NULL,
  `installation_desc` text,
  `installation_cost` decimal(10,2) NOT NULL DEFAULT '0.00',
  `supplies_desc` text,
  `supplies_cost` decimal(10,2) NOT NULL DEFAULT '0.00',
  `total` decimal(12,2) NOT NULL DEFAULT '0.00',
  `user_id` int NOT NULL,
  `created_at` timestamp NOT NULL DEFAULT CURRENT_TIMESTAMP,
  PRIMARY KEY (`id`),
  KEY `user_id` (`user_id`),
  KEY `idx_quotes_client_id` (`client_id`)
) ENGINE=InnoDB AUTO_INCREMENT=5272 DEFAULT CHARSET=latin1;

--
-- Volcado de datos para la tabla `quotes`
--

INSERT INTO `quotes` (`id`, `customer`, `client_id`, `notes`, `installation_desc`, `installation_cost`, `supplies_desc`, `supplies_cost`, `total`, `user_id`, `created_at`) VALUES
(5271, '(P1) CODIPSA PUEBLA BODEGA — (P1) CODIPSA PUEBLA BODEGA', 145, '', 'sdfgdgdgdfdfgdg', 9888.00, 'sdfgsdfgfdgsdfgfds fdg g gdsf gdsfdsf', 4444.00, 40899.00, 1, '2025-09-19 15:37:39');

-- --------------------------------------------------------

--
-- Estructura de tabla para la tabla `quote_items`
--

CREATE TABLE IF NOT EXISTS `quote_items` (
  `id` int NOT NULL AUTO_INCREMENT,
  `quote_id` int NOT NULL,
  `product_id` int NOT NULL,
  `qty` int NOT NULL,
  `price` decimal(12,2) NOT NULL,
  PRIMARY KEY (`id`),
  KEY `quote_id` (`quote_id`),
  KEY `product_id` (`product_id`)
) ENGINE=InnoDB AUTO_INCREMENT=4 DEFAULT CHARSET=latin1;

--
-- Volcado de datos para la tabla `quote_items`
--

INSERT INTO `quote_items` (`id`, `quote_id`, `product_id`, `qty`, `price`) VALUES
(1, 5271, 1, 4, 1299.00),
(2, 5271, 4, 13, 1544.00),
(3, 5271, 1, 1, 1299.00);

--
-- Restricciones para tablas volcadas
--

--
-- Filtros para la tabla `client_emails`
--
ALTER TABLE `client_emails`
  ADD CONSTRAINT `fk_client_emails_client` FOREIGN KEY (`client_id`) REFERENCES `clients` (`id`) ON DELETE CASCADE ON UPDATE CASCADE;

--
-- Filtros para la tabla `products`
--
ALTER TABLE `products`
  ADD CONSTRAINT `products_ibfk_1` FOREIGN KEY (`created_by`) REFERENCES `users` (`id`) ON DELETE SET NULL;

--
-- Filtros para la tabla `quotes`
--
ALTER TABLE `quotes`
  ADD CONSTRAINT `fk_quotes_client` FOREIGN KEY (`client_id`) REFERENCES `clients` (`id`) ON DELETE SET NULL,
  ADD CONSTRAINT `quotes_ibfk_1` FOREIGN KEY (`user_id`) REFERENCES `users` (`id`) ON DELETE CASCADE;

--
-- Filtros para la tabla `quote_items`
--
ALTER TABLE `quote_items`
  ADD CONSTRAINT `quote_items_ibfk_1` FOREIGN KEY (`quote_id`) REFERENCES `quotes` (`id`) ON DELETE CASCADE,
  ADD CONSTRAINT `quote_items_ibfk_2` FOREIGN KEY (`product_id`) REFERENCES `products` (`id`);
COMMIT;

